{"id":28330,"date":"2025-02-13T12:23:53","date_gmt":"2025-02-13T12:23:53","guid":{"rendered":"https:\/\/myhomeproperty.es\/property\/parhusvilla-i-san-pedro-del-pinatar-2\/"},"modified":"2026-02-11T19:58:50","modified_gmt":"2026-02-11T19:58:50","slug":"parhusvilla-i-san-pedro-del-pinatar-2","status":"publish","type":"property","link":"https:\/\/myhomeproperty.es\/sv\/property\/parhusvilla-i-san-pedro-del-pinatar-2\/","title":{"rendered":"Parhusvilla i San Pedro del Pinatar"},"content":{"rendered":"\n<p>Denna fantastiska villa i San Pedro del Pinatar erbjuder en modern och bekv\u00e4m livsstil. Fastigheten ligger p\u00e5 en tomt p\u00e5 160 m\u00b2 och har en privat pool p\u00e5 2,5&#215;3,75 m\u00b2 och ett brett utbud av bekv\u00e4mligheter. <\/p>\n\n<p>Distribution:<\/p>\n\n<ul class=\"wp-block-list\">\n<li>3 sovrum: Rymlig och v\u00e4l utformad f\u00f6r komfort och avskildhet.<\/li>\n\n\n\n<li>3 badrum: Modernt och funktionellt, perfekt f\u00f6r vardagligt bruk.<\/li>\n\n\n\n<li>Byggd yta: 206 m\u00b2, vilket ger gott om utrymme f\u00f6r familjelivet.<\/li>\n\n\n\n<li>Husets yta: 111 m\u00b2, med ett stort vardagsrum p\u00e5 32 m\u00b2, perfekt f\u00f6r m\u00f6ten och stunder av avkoppling.<\/li>\n\n\n\n<li>Terrass: 11 m\u00b2, perfekt f\u00f6r att njuta av den \u00f6ppna luften.<\/li>\n\n\n\n<li>K\u00e4llare: 55 m\u00b2, erbjuder ytterligare utrymme f\u00f6r f\u00f6rvaring eller fritidsaktiviteter.<\/li>\n\n\n\n<li>Takterrass: 40 m\u00b2, en perfekt plats f\u00f6r att sola och njuta av utsikten.<\/li>\n<\/ul>\n\n<p>Bekv\u00e4mligheter:<\/p>\n\n<ul class=\"wp-block-list\">\n<li>Privat pool: Perfekt f\u00f6r att svalka sig och njuta av det fina v\u00e4dret.<\/li>\n\n\n\n<li>Tr\u00e4dg\u00e5rd: Ett utomhusomr\u00e5de d\u00e4r man kan koppla av och njuta av naturen.<\/li>\n\n\n\n<li>F\u00f6rinstallation av luftkonditionering.<\/li>\n\n\n\n<li>Vitvaror ing\u00e5r<\/li>\n<\/ul>\n\n<p>Restauranger, service och butiker inom g\u00e5ngavst\u00e5nd, vilket g\u00f6r l\u00e4get bekv\u00e4mt och l\u00e4ttillg\u00e4ngligt.<\/p>\n\n<p>Denna villa under uppbyggnad i San Pedro del Pinatar \u00e4r en unik m\u00f6jlighet att bo i en modern och v\u00e4l bel\u00e4gen fastighet, med alla n\u00f6dv\u00e4ndiga bekv\u00e4mligheter f\u00f6r en bekv\u00e4m livsstil. Missa inte chansen att g\u00f6ra denna villa till ditt nya hem! <\/p>\n","protected":false},"excerpt":{"rendered":"<p>Denna fantastiska villa i San Pedro del Pinatar erbjuder en modern och bekv\u00e4m livsstil. Fastigheten ligger p\u00e5 en tomt p\u00e5 160 m\u00b2 och har en privat pool p\u00e5 2,5&#215;3,75 m\u00b2 och ett brett utbud av bekv\u00e4mligheter. Distribution: Bekv\u00e4mligheter: Restauranger, service och butiker inom g\u00e5ngavst\u00e5nd, vilket g\u00f6r l\u00e4get bekv\u00e4mt och l\u00e4ttillg\u00e4ngligt. Denna villa under uppbyggnad i [&hellip;]<\/p>\n","protected":false},"author":3,"featured_media":26430,"parent":0,"menu_order":0,"template":"","property_type":[195],"property_status":[93],"property_feature":[89,243,219],"property_label":[],"property_country":[],"property_state":[],"property_city":[87],"property_area":[],"class_list":["post-28330","property","type-property","status-publish","has-post-thumbnail","hentry","property_type-villa-sv","property_status-till-salu","property_feature-simbassang","property_feature-terrass","property_feature-tradgard","property_city-san-pedro-del-pinatar-sv"],"property_meta":{"fave_featured":["0"],"houzez_featured_listing_date":[""],"fave_property_images":["26436","26426","26486","26431","26606","26611","26441","26616","26601","26411","26416","26421","26491","26581","26586","26621","26561","26556","26466","26566","26571","26551","26501","26506","26496","26511","26446","26476","26451","26471","26541","26546","26526","26456","26461","26531","26536","26521","26516","26576","26591","26631"],"fave_single_top_area":["global"],"_top_nav_excluded":[""],"_cms_nav_minihome":[""],"houzez_geolocation_lat":["37.8329309"],"houzez_geolocation_long":["-0.7868781"],"_thumbnail_id":["26430"],"_last_translation_edit_mode":["translation-editor"],"houzez_total_property_views":["98"],"houzez_views_by_date":["a:61:{s:10:\"06-02-2025\";i:1;s:10:\"06-04-2025\";i:1;s:10:\"06-11-2025\";i:1;s:10:\"06-18-2025\";i:1;s:10:\"06-27-2025\";i:3;s:10:\"07-03-2025\";i:2;s:10:\"07-04-2025\";i:2;s:10:\"07-09-2025\";i:1;s:10:\"07-13-2025\";i:2;s:10:\"07-16-2025\";i:1;s:10:\"07-17-2025\";i:1;s:10:\"07-24-2025\";i:1;s:10:\"07-30-2025\";i:1;s:10:\"08-04-2025\";i:1;s:10:\"08-06-2025\";i:1;s:10:\"08-23-2025\";i:1;s:10:\"08-29-2025\";i:2;s:10:\"08-30-2025\";i:1;s:10:\"09-05-2025\";i:1;s:10:\"09-10-2025\";i:1;s:10:\"09-16-2025\";i:1;s:10:\"09-21-2025\";i:1;s:10:\"09-26-2025\";i:1;s:10:\"10-01-2025\";i:1;s:10:\"10-07-2025\";i:3;s:10:\"10-13-2025\";i:1;s:10:\"10-19-2025\";i:1;s:10:\"10-20-2025\";i:1;s:10:\"10-23-2025\";i:1;s:10:\"11-18-2025\";i:1;s:10:\"12-06-2025\";i:1;s:10:\"12-13-2025\";i:1;s:10:\"12-14-2025\";i:2;s:10:\"12-19-2025\";i:1;s:10:\"12-25-2025\";i:1;s:10:\"01-01-2026\";i:1;s:10:\"01-08-2026\";i:1;s:10:\"01-11-2026\";i:1;s:10:\"01-12-2026\";i:1;s:10:\"01-15-2026\";i:1;s:10:\"01-17-2026\";i:1;s:10:\"01-21-2026\";i:1;s:10:\"01-28-2026\";i:1;s:10:\"02-03-2026\";i:1;s:10:\"02-13-2026\";i:1;s:10:\"02-17-2026\";i:1;s:10:\"02-19-2026\";i:1;s:10:\"02-26-2026\";i:1;s:10:\"03-04-2026\";i:1;s:10:\"03-05-2026\";i:1;s:10:\"03-11-2026\";i:3;s:10:\"03-16-2026\";i:2;s:10:\"03-21-2026\";i:1;s:10:\"03-27-2026\";i:1;s:10:\"04-02-2026\";i:1;s:10:\"04-05-2026\";i:2;s:10:\"04-09-2026\";i:1;s:10:\"04-14-2026\";i:1;s:10:\"04-19-2026\";i:1;s:10:\"04-25-2026\";i:1;s:10:\"04-28-2026\";i:3;}"],"houzez_recently_viewed":["2026-04-28 20:14:39"],"houzez_manual_expire":["0"],"_houzez_expiration_date_status":["saved"],"_elementor_page_assets":["a:0:{}"],"fave_property_price":["419900"],"fave_property_size":["160"],"fave_property_land":["111"],"fave_property_bedrooms":["3"],"fave_property_bathrooms":["3"],"fave_property_id":["3038MHLB"],"fave_property_map":["1"],"fave_property_map_address":["Avenida de las Salinas, San Pedro del Pinatar, Campo de Cartagena y Mar Menor, Regi\u00f3n de Murcia, 30740, Spanien"],"fave_property_location":["37.8329309,-0.7868781,15"],"fave_property_map_street_view":["visa"],"fave_property_zip":["30730"],"fave_video_url":["https:\/\/youtu.be\/u1Onem06TKI"],"fave_agent_display_option":["f\u00f6rfattare_info"],"fave_prop_homeslider":["ja"],"fave_private_note":["LAS DUNAS -Luc\u00eda Beach"]},"_links":{"self":[{"href":"https:\/\/myhomeproperty.es\/sv\/wp-json\/wp\/v2\/properties\/28330","targetHints":{"allow":["GET"]}}],"collection":[{"href":"https:\/\/myhomeproperty.es\/sv\/wp-json\/wp\/v2\/properties"}],"about":[{"href":"https:\/\/myhomeproperty.es\/sv\/wp-json\/wp\/v2\/types\/property"}],"author":[{"embeddable":true,"href":"https:\/\/myhomeproperty.es\/sv\/wp-json\/wp\/v2\/users\/3"}],"version-history":[{"count":1,"href":"https:\/\/myhomeproperty.es\/sv\/wp-json\/wp\/v2\/properties\/28330\/revisions"}],"predecessor-version":[{"id":28331,"href":"https:\/\/myhomeproperty.es\/sv\/wp-json\/wp\/v2\/properties\/28330\/revisions\/28331"}],"wp:featuredmedia":[{"embeddable":true,"href":"https:\/\/myhomeproperty.es\/sv\/wp-json\/wp\/v2\/media\/26430"}],"wp:attachment":[{"href":"https:\/\/myhomeproperty.es\/sv\/wp-json\/wp\/v2\/media?parent=28330"}],"wp:term":[{"taxonomy":"property_type","embeddable":true,"href":"https:\/\/myhomeproperty.es\/sv\/wp-json\/wp\/v2\/property_type?post=28330"},{"taxonomy":"property_status","embeddable":true,"href":"https:\/\/myhomeproperty.es\/sv\/wp-json\/wp\/v2\/property_status?post=28330"},{"taxonomy":"property_feature","embeddable":true,"href":"https:\/\/myhomeproperty.es\/sv\/wp-json\/wp\/v2\/property_feature?post=28330"},{"taxonomy":"property_label","embeddable":true,"href":"https:\/\/myhomeproperty.es\/sv\/wp-json\/wp\/v2\/property_label?post=28330"},{"taxonomy":"property_country","embeddable":true,"href":"https:\/\/myhomeproperty.es\/sv\/wp-json\/wp\/v2\/property_country?post=28330"},{"taxonomy":"property_state","embeddable":true,"href":"https:\/\/myhomeproperty.es\/sv\/wp-json\/wp\/v2\/property_state?post=28330"},{"taxonomy":"property_city","embeddable":true,"href":"https:\/\/myhomeproperty.es\/sv\/wp-json\/wp\/v2\/property_city?post=28330"},{"taxonomy":"property_area","embeddable":true,"href":"https:\/\/myhomeproperty.es\/sv\/wp-json\/wp\/v2\/property_area?post=28330"}],"curies":[{"name":"wp","href":"https:\/\/api.w.org\/{rel}","templated":true}]}}

<p>Denna fantastiska villa i San Pedro del Pinatar erbjuder en modern och bekväm livsstil. Fastigheten ligger på en tomt på 160 m² och har en privat pool på 2,5&#215;3,75 m² och ett brett utbud av bekvämligheter. </p>

<p>Distribution:</p>

<ul class="wp-block-list">
<li>3 sovrum: Rymlig och väl utformad för komfort och avskildhet.</li>



<li>3 badrum: Modernt och funktionellt, perfekt för vardagligt bruk.</li>



<li>Byggd yta: 206 m², vilket ger gott om utrymme för familjelivet.</li>



<li>Husets yta: 111 m², med ett stort vardagsrum på 32 m², perfekt för möten och stunder av avkoppling.</li>



<li>Terrass: 11 m², perfekt för att njuta av den öppna luften.</li>



<li>Källare: 55 m², erbjuder ytterligare utrymme för förvaring eller fritidsaktiviteter.</li>



<li>Takterrass: 40 m², en perfekt plats för att sola och njuta av utsikten.</li>
</ul>

<p>Bekvämligheter:</p>

<ul class="wp-block-list">
<li>Privat pool: Perfekt för att svalka sig och njuta av det fina vädret.</li>



<li>Trädgård: Ett utomhusområde där man kan koppla av och njuta av naturen.</li>



<li>Förinstallation av luftkonditionering.</li>



<li>Vitvaror ingår</li>
</ul>

<p>Restauranger, service och butiker inom gångavstånd, vilket gör läget bekvämt och lättillgängligt.</p>

<p>Denna villa under uppbyggnad i San Pedro del Pinatar är en unik möjlighet att bo i en modern och väl belägen fastighet, med alla nödvändiga bekvämligheter för en bekväm livsstil. Missa inte chansen att göra denna villa till ditt nya hem! </p>

<p>Denna fantastiska villa i San Pedro del Pinatar erbjuder en modern och bekväm livsstil. Fastigheten ligger på en tomt på 160 m² och har en privat pool på 2,5&#215;3,75 m² och ett brett utbud av bekvämligheter. Distribution: Bekvämligheter: Restauranger, service och butiker inom gångavstånd, vilket gör läget bekvämt och lättillgängligt. Denna villa under uppbyggnad i [&hellip;]</p>

Avenida de las Salinas, San Pedro del Pinatar, Campo de Cartagena y Mar Menor, Región de Murcia, 30740, Spanien

författare_info

LAS DUNAS -Lucía Beach
