{"id":29712,"date":"2025-03-12T08:48:54","date_gmt":"2025-03-12T08:48:54","guid":{"rendered":"https:\/\/myhomeproperty.es\/property\/parhus-i-san-pedro-del-pinatar\/"},"modified":"2025-07-07T16:20:24","modified_gmt":"2025-07-07T16:20:24","slug":"parhus-i-san-pedro-del-pinatar","status":"publish","type":"property","link":"https:\/\/myhomeproperty.es\/sv\/property\/parhus-i-san-pedro-del-pinatar\/","title":{"rendered":"Parhus i San Pedro del Pinatar"},"content":{"rendered":"\n<p>Vi presenterar denna dubbell\u00e4genhet, renoverad och ombyggd f\u00f6r att erbjuda tv\u00e5 hem i ett, perfekt f\u00f6r stora familjer eller f\u00f6r v\u00e5rd av \u00e4ldre f\u00f6r\u00e4ldrar.<\/p>\n\n<p>Den \u00e4r f\u00f6rdelad enligt f\u00f6ljande:<\/p>\n\n<p>Bottenv\u00e5ning:<\/p>\n\n<ul class=\"wp-block-list\">\n<li>Terrass: Stor och l\u00e4ttillg\u00e4nglig, den ger tillg\u00e5ng till vardagsrummet och matsalen.<\/li>\n\n\n\n<li>Matsal: Rymlig och mysig.<\/li>\n\n\n\n<li>3 sovrum<\/li>\n\n\n\n<li>1 komplett badrum<\/li>\n\n\n\n<li>Separat k\u00f6k: Fullt utrustat.<\/li>\n\n\n\n<li>Uteplats: Ytterligare ett utrymme utomhus.<\/li>\n\n\n\n<li>Tillg\u00e5ng: Hela fastigheten ligger ett steg \u00f6ver markniv\u00e5, perfekt f\u00f6r dem som beh\u00f6ver eller letar efter en bottenv\u00e5ning.<\/li>\n<\/ul>\n\n<p>\u00d6vre v\u00e5ning:<\/p>\n\n<ul class=\"wp-block-list\">\n<li>2 sovrum: Rymliga och ljusa, med inbyggda garderober. Ett av dem med eget badrum. <\/li>\n\n\n\n<li>Vind: Inredd med tr\u00e4, ett extra utrymme som kan anpassas till olika behov.<\/li>\n\n\n\n<li>Matsal: Rymlig och bekv\u00e4m.<\/li>\n\n\n\n<li>Separat k\u00f6k: Fullt utrustat.<\/li>\n\n\n\n<li>Solarium: Terrass perfekt f\u00f6r grillplats eller f\u00f6r att njuta av solen och den friska luften.<\/li>\n\n\n\n<li>2 kompletta badrum<\/li>\n<\/ul>\n\n<p>Regularisering:<\/p>\n\n<ul class=\"wp-block-list\">\n<li>Renoveringen \u00e4r reglerad och registrerad i fastighetsregistret som en bostad i markplan och bottenv\u00e5ning.<\/li>\n<\/ul>\n\n<p>Plats:<\/p>\n\n<ul class=\"wp-block-list\">\n<li>N\u00e4ra till aff\u00e4rer och service, med bra tillg\u00e5ng till motorv\u00e4gen, och samtidigt i ett lugnt omr\u00e5de.<\/li>\n<\/ul>\n\n<p>Denna fastighet \u00e4r idealisk f\u00f6r specifika behov och erbjuder komfort, utrymme och m\u00e5ngsidighet, missa inte chansen att bes\u00f6ka den! <\/p>\n","protected":false},"excerpt":{"rendered":"<p>Vi presenterar denna dubbell\u00e4genhet, renoverad och ombyggd f\u00f6r att erbjuda tv\u00e5 hem i ett, perfekt f\u00f6r stora familjer eller f\u00f6r v\u00e5rd av \u00e4ldre f\u00f6r\u00e4ldrar. Den \u00e4r f\u00f6rdelad enligt f\u00f6ljande: Bottenv\u00e5ning: \u00d6vre v\u00e5ning: Regularisering: Plats: Denna fastighet \u00e4r idealisk f\u00f6r specifika behov och erbjuder komfort, utrymme och m\u00e5ngsidighet, missa inte chansen att bes\u00f6ka den!<\/p>\n","protected":false},"author":3,"featured_media":29437,"parent":0,"menu_order":0,"template":"","property_type":[136],"property_status":[93],"property_feature":[243],"property_label":[],"property_country":[],"property_state":[91],"property_city":[87],"property_area":[],"class_list":["post-29712","property","type-property","status-publish","has-post-thumbnail","hentry","property_type-parhus","property_status-till-salu","property_feature-terrass","property_state-regionen-murcia","property_city-san-pedro-del-pinatar-sv"],"property_meta":{"fave_featured":["0"],"houzez_featured_listing_date":[""],"fave_property_images":["29433","29443","29448","29453","29438","29458","29463","29468","29523","29483","29473","29478","29488","29493","29498","29503","29508","29513","29518","29698","29678","29688","29683","29528","29533","29538","29543","29573","29578","29553","29558","29563","29548","29668","29598","29583","29588","29593","29603","29608","29613","29618","29623","29628","29633","29638","29658","29663","29673","29693"],"fave_single_top_area":["global"],"_top_nav_excluded":[""],"_cms_nav_minihome":[""],"fave_property_price":["189000"],"fave_property_size":["180"],"fave_property_land":["150"],"fave_property_bedrooms":["5"],"fave_property_bathrooms":["3"],"fave_property_id":["3047MH"],"fave_property_map":["1"],"fave_property_map_address":["Avenida Doctor Artero Guirao, Las Beatas, San Pedro del Pinatar, Campo de Cartagena y Mar Menor, Regi\u00f3n de Murcia, 30720, Spanien"],"fave_property_location":["37.830395486902,-0.79874256605384,15"],"houzez_geolocation_lat":["37.830395486902"],"houzez_geolocation_long":["-0.79874256605384"],"fave_property_map_street_view":["g\u00f6mma"],"fave_property_zip":["30740"],"fave_video_url":["https:\/\/youtu.be\/CiYGnNOaBEE?si=ksyWeQf1T-AgrMEU"],"fave_agent_display_option":["f\u00f6rfattare_info"],"fave_prop_homeslider":["nej"],"_thumbnail_id":["29437"],"_last_translation_edit_mode":["translation-editor"],"houzez_total_property_views":["91"],"houzez_views_by_date":["a:61:{s:10:\"07-09-2025\";i:1;s:10:\"07-11-2025\";i:1;s:10:\"07-13-2025\";i:2;s:10:\"07-16-2025\";i:1;s:10:\"07-17-2025\";i:1;s:10:\"07-24-2025\";i:1;s:10:\"07-25-2025\";i:1;s:10:\"07-29-2025\";i:1;s:10:\"07-30-2025\";i:1;s:10:\"08-04-2025\";i:1;s:10:\"08-22-2025\";i:1;s:10:\"08-27-2025\";i:1;s:10:\"08-30-2025\";i:3;s:10:\"08-31-2025\";i:1;s:10:\"09-04-2025\";i:1;s:10:\"09-09-2025\";i:1;s:10:\"09-14-2025\";i:1;s:10:\"09-20-2025\";i:1;s:10:\"09-24-2025\";i:1;s:10:\"09-26-2025\";i:1;s:10:\"09-27-2025\";i:1;s:10:\"09-28-2025\";i:1;s:10:\"09-29-2025\";i:1;s:10:\"10-05-2025\";i:1;s:10:\"10-10-2025\";i:1;s:10:\"10-16-2025\";i:1;s:10:\"10-27-2025\";i:2;s:10:\"11-13-2025\";i:1;s:10:\"11-18-2025\";i:1;s:10:\"11-23-2025\";i:1;s:10:\"12-06-2025\";i:1;s:10:\"12-08-2025\";i:1;s:10:\"12-17-2025\";i:1;s:10:\"12-18-2025\";i:1;s:10:\"12-23-2025\";i:1;s:10:\"12-28-2025\";i:1;s:10:\"12-30-2025\";i:1;s:10:\"01-02-2026\";i:1;s:10:\"01-08-2026\";i:1;s:10:\"01-13-2026\";i:1;s:10:\"01-24-2026\";i:1;s:10:\"01-29-2026\";i:1;s:10:\"02-03-2026\";i:1;s:10:\"02-11-2026\";i:1;s:10:\"02-12-2026\";i:1;s:10:\"02-21-2026\";i:1;s:10:\"03-11-2026\";i:2;s:10:\"03-12-2026\";i:1;s:10:\"03-15-2026\";i:1;s:10:\"03-18-2026\";i:1;s:10:\"03-23-2026\";i:1;s:10:\"03-29-2026\";i:1;s:10:\"03-31-2026\";i:1;s:10:\"04-03-2026\";i:1;s:10:\"04-04-2026\";i:1;s:10:\"04-09-2026\";i:1;s:10:\"04-14-2026\";i:1;s:10:\"04-16-2026\";i:1;s:10:\"04-19-2026\";i:1;s:10:\"04-24-2026\";i:1;s:10:\"04-28-2026\";i:2;}"],"houzez_recently_viewed":["2026-04-28 20:14:59"],"_elementor_page_assets":["a:0:{}"]},"_links":{"self":[{"href":"https:\/\/myhomeproperty.es\/sv\/wp-json\/wp\/v2\/properties\/29712","targetHints":{"allow":["GET"]}}],"collection":[{"href":"https:\/\/myhomeproperty.es\/sv\/wp-json\/wp\/v2\/properties"}],"about":[{"href":"https:\/\/myhomeproperty.es\/sv\/wp-json\/wp\/v2\/types\/property"}],"author":[{"embeddable":true,"href":"https:\/\/myhomeproperty.es\/sv\/wp-json\/wp\/v2\/users\/3"}],"version-history":[{"count":1,"href":"https:\/\/myhomeproperty.es\/sv\/wp-json\/wp\/v2\/properties\/29712\/revisions"}],"predecessor-version":[{"id":29713,"href":"https:\/\/myhomeproperty.es\/sv\/wp-json\/wp\/v2\/properties\/29712\/revisions\/29713"}],"wp:featuredmedia":[{"embeddable":true,"href":"https:\/\/myhomeproperty.es\/sv\/wp-json\/wp\/v2\/media\/29437"}],"wp:attachment":[{"href":"https:\/\/myhomeproperty.es\/sv\/wp-json\/wp\/v2\/media?parent=29712"}],"wp:term":[{"taxonomy":"property_type","embeddable":true,"href":"https:\/\/myhomeproperty.es\/sv\/wp-json\/wp\/v2\/property_type?post=29712"},{"taxonomy":"property_status","embeddable":true,"href":"https:\/\/myhomeproperty.es\/sv\/wp-json\/wp\/v2\/property_status?post=29712"},{"taxonomy":"property_feature","embeddable":true,"href":"https:\/\/myhomeproperty.es\/sv\/wp-json\/wp\/v2\/property_feature?post=29712"},{"taxonomy":"property_label","embeddable":true,"href":"https:\/\/myhomeproperty.es\/sv\/wp-json\/wp\/v2\/property_label?post=29712"},{"taxonomy":"property_country","embeddable":true,"href":"https:\/\/myhomeproperty.es\/sv\/wp-json\/wp\/v2\/property_country?post=29712"},{"taxonomy":"property_state","embeddable":true,"href":"https:\/\/myhomeproperty.es\/sv\/wp-json\/wp\/v2\/property_state?post=29712"},{"taxonomy":"property_city","embeddable":true,"href":"https:\/\/myhomeproperty.es\/sv\/wp-json\/wp\/v2\/property_city?post=29712"},{"taxonomy":"property_area","embeddable":true,"href":"https:\/\/myhomeproperty.es\/sv\/wp-json\/wp\/v2\/property_area?post=29712"}],"curies":[{"name":"wp","href":"https:\/\/api.w.org\/{rel}","templated":true}]}}

<p>Vi presenterar denna dubbellägenhet, renoverad och ombyggd för att erbjuda två hem i ett, perfekt för stora familjer eller för vård av äldre föräldrar.</p>

<p>Den är fördelad enligt följande:</p>

<p>Bottenvåning:</p>

<ul class="wp-block-list">
<li>Terrass: Stor och lättillgänglig, den ger tillgång till vardagsrummet och matsalen.</li>



<li>Matsal: Rymlig och mysig.</li>



<li>3 sovrum</li>



<li>1 komplett badrum</li>



<li>Separat kök: Fullt utrustat.</li>



<li>Uteplats: Ytterligare ett utrymme utomhus.</li>



<li>Tillgång: Hela fastigheten ligger ett steg över marknivå, perfekt för dem som behöver eller letar efter en bottenvåning.</li>
</ul>

<p>Övre våning:</p>

<ul class="wp-block-list">
<li>2 sovrum: Rymliga och ljusa, med inbyggda garderober. Ett av dem med eget badrum. </li>



<li>Vind: Inredd med trä, ett extra utrymme som kan anpassas till olika behov.</li>



<li>Matsal: Rymlig och bekväm.</li>



<li>Separat kök: Fullt utrustat.</li>



<li>Solarium: Terrass perfekt för grillplats eller för att njuta av solen och den friska luften.</li>



<li>2 kompletta badrum</li>
</ul>

<p>Regularisering:</p>

<ul class="wp-block-list">
<li>Renoveringen är reglerad och registrerad i fastighetsregistret som en bostad i markplan och bottenvåning.</li>
</ul>

<p>Plats:</p>

<ul class="wp-block-list">
<li>Nära till affärer och service, med bra tillgång till motorvägen, och samtidigt i ett lugnt område.</li>
</ul>

<p>Denna fastighet är idealisk för specifika behov och erbjuder komfort, utrymme och mångsidighet, missa inte chansen att besöka den! </p>

<p>Vi presenterar denna dubbellägenhet, renoverad och ombyggd för att erbjuda två hem i ett, perfekt för stora familjer eller för vård av äldre föräldrar. Den är fördelad enligt följande: Bottenvåning: Övre våning: Regularisering: Plats: Denna fastighet är idealisk för specifika behov och erbjuder komfort, utrymme och mångsidighet, missa inte chansen att besöka den!</p>

Avenida Doctor Artero Guirao, Las Beatas, San Pedro del Pinatar, Campo de Cartagena y Mar Menor, Región de Murcia, 30720, Spanien

gömma

författare_info
