{"id":30904,"date":"2025-05-26T11:22:58","date_gmt":"2025-05-26T11:22:58","guid":{"rendered":"https:\/\/myhomeproperty.es\/property\/lagenhet-i-torrevieja-bara-nagra-meter-fran-cala-palangre\/"},"modified":"2025-07-08T15:11:21","modified_gmt":"2025-07-08T15:11:21","slug":"lagenhet-i-torrevieja-bara-nagra-meter-fran-cala-palangre","status":"publish","type":"property","link":"https:\/\/myhomeproperty.es\/sv\/property\/lagenhet-i-torrevieja-bara-nagra-meter-fran-cala-palangre\/","title":{"rendered":"L\u00e4genhet i Torrevieja, bara n\u00e5gra meter fr\u00e5n Cala Palangre"},"content":{"rendered":"\n<p>Uppt\u00e4ck denna extraordin\u00e4ra fastighet som ligger bara n\u00e5gra meter fr\u00e5n den charmiga Cala Palangre. Dess centrala l\u00e4ge, i kombination med en privilegierad h\u00f6rnorientering, garanterar exceptionellt ljusinsl\u00e4pp i varje h\u00f6rn av hemmet.<\/p>\n\n<p>Bostaden best\u00e5r av tre sovrum, tv\u00e5 badrum, ett mysigt vardagsrum med matsal och ett k\u00f6k med \u00f6ppen planl\u00f6sning, perfekt f\u00f6r att njuta av speciella stunder i s\u00e4llskap. Den har ocks\u00e5 tv\u00e5 charmiga terrasser som erbjuder det perfekta utrymmet f\u00f6r att koppla av och njuta av omgivningen. <\/p>\n\n<p>Som ett merv\u00e4rde har det ett f\u00f6rr\u00e5d och garage, mycket uppskattade element i omr\u00e5det som ger komfort och funktionalitet. Detta \u00e4r en unik m\u00f6jlighet att njuta av en bostad som \u00e4r idealisk b\u00e5de f\u00f6r \u00e5ret runt boende och f\u00f6r semesterresor. <\/p>\n\n<p><\/p>\n","protected":false},"excerpt":{"rendered":"<p>Uppt\u00e4ck denna extraordin\u00e4ra fastighet som ligger bara n\u00e5gra meter fr\u00e5n den charmiga Cala Palangre. Dess centrala l\u00e4ge, i kombination med en privilegierad h\u00f6rnorientering, garanterar exceptionellt ljusinsl\u00e4pp i varje h\u00f6rn av hemmet. Bostaden best\u00e5r av tre sovrum, tv\u00e5 badrum, ett mysigt vardagsrum med matsal och ett k\u00f6k med \u00f6ppen planl\u00f6sning, perfekt f\u00f6r att njuta av speciella [&hellip;]<\/p>\n","protected":false},"author":3,"featured_media":30868,"parent":0,"menu_order":0,"template":"","property_type":[178],"property_status":[93],"property_feature":[],"property_label":[],"property_country":[101],"property_state":[96],"property_city":[303],"property_area":[],"class_list":["post-30904","property","type-property","status-publish","has-post-thumbnail","hentry","property_type-golv","property_status-till-salu","property_country-spanien","property_state-alicante-sv","property_city-torrevieja-sv"],"property_meta":{"fave_featured":["0"],"houzez_featured_listing_date":[""],"fave_property_images":["30864","30709","30694","30714","30704","30719","30689","30699","30799","30789","30794","30729","30739","30734","30774","30769","30879","30874","30889","30894","30779","30809","30814","30824","30819","30854","30849","30844","30829","30859","30749","30744"],"fave_single_top_area":["global"],"_top_nav_excluded":[""],"_cms_nav_minihome":[""],"houzez_geolocation_lat":["37.9803701"],"houzez_geolocation_long":["-0.6684934"],"_thumbnail_id":["30868"],"_last_translation_edit_mode":["translation-editor"],"houzez_manual_expire":["0"],"_houzez_expiration_date_status":["saved"],"houzez_total_property_views":["96"],"houzez_views_by_date":["a:61:{s:10:\"07-07-2025\";i:1;s:10:\"07-08-2025\";i:1;s:10:\"07-13-2025\";i:1;s:10:\"07-14-2025\";i:1;s:10:\"07-22-2025\";i:1;s:10:\"07-28-2025\";i:1;s:10:\"08-02-2025\";i:1;s:10:\"08-21-2025\";i:1;s:10:\"08-26-2025\";i:1;s:10:\"08-30-2025\";i:3;s:10:\"09-04-2025\";i:1;s:10:\"09-09-2025\";i:1;s:10:\"09-12-2025\";i:1;s:10:\"09-14-2025\";i:1;s:10:\"09-19-2025\";i:1;s:10:\"09-20-2025\";i:2;s:10:\"09-24-2025\";i:1;s:10:\"09-28-2025\";i:1;s:10:\"09-29-2025\";i:1;s:10:\"10-04-2025\";i:1;s:10:\"10-10-2025\";i:2;s:10:\"10-15-2025\";i:1;s:10:\"10-21-2025\";i:1;s:10:\"10-27-2025\";i:1;s:10:\"11-18-2025\";i:1;s:10:\"11-23-2025\";i:1;s:10:\"11-24-2025\";i:1;s:10:\"12-01-2025\";i:1;s:10:\"12-07-2025\";i:1;s:10:\"12-19-2025\";i:2;s:10:\"12-22-2025\";i:1;s:10:\"12-25-2025\";i:1;s:10:\"01-05-2026\";i:1;s:10:\"01-11-2026\";i:1;s:10:\"01-12-2026\";i:1;s:10:\"01-16-2026\";i:1;s:10:\"01-26-2026\";i:1;s:10:\"01-31-2026\";i:1;s:10:\"02-05-2026\";i:1;s:10:\"02-07-2026\";i:1;s:10:\"02-12-2026\";i:1;s:10:\"02-13-2026\";i:1;s:10:\"02-18-2026\";i:1;s:10:\"02-23-2026\";i:2;s:10:\"03-08-2026\";i:1;s:10:\"03-10-2026\";i:1;s:10:\"03-11-2026\";i:2;s:10:\"03-14-2026\";i:1;s:10:\"03-17-2026\";i:2;s:10:\"03-20-2026\";i:1;s:10:\"03-23-2026\";i:1;s:10:\"03-25-2026\";i:1;s:10:\"03-30-2026\";i:1;s:10:\"04-05-2026\";i:1;s:10:\"04-11-2026\";i:3;s:10:\"04-12-2026\";i:1;s:10:\"04-16-2026\";i:1;s:10:\"04-18-2026\";i:1;s:10:\"04-19-2026\";i:2;s:10:\"04-21-2026\";i:1;s:10:\"04-28-2026\";i:3;}"],"houzez_recently_viewed":["2026-04-28 18:51:11"],"fave_property_price":["159900"],"fave_property_size":["70"],"fave_property_bedrooms":["3"],"fave_property_bathrooms":["2"],"fave_property_garage_size":["11"],"fave_property_id":["3054MH"],"fave_property_map":["1"],"fave_property_map_address":["Avenida de las Habaneras, El Palmeral, Torrevieja, el Baix Segura \/ La Vega Baja, Alacant \/ Alicante, Comunitat Valenciana, 03182, Spanien"],"fave_property_location":["37.9803701,-0.6684934,15"],"fave_property_map_street_view":["g\u00f6mma"],"fave_property_address":["Av. de las Habaneras"],"fave_property_zip":["03182"],"fave_video_url":["https:\/\/youtu.be\/lkapbiwYJGI?si=jAuUYALgpO-GNO3D"],"fave_agent_display_option":["f\u00f6rfattare_info"],"fave_prop_homeslider":["nej"],"_elementor_page_assets":["a:0:{}"]},"_links":{"self":[{"href":"https:\/\/myhomeproperty.es\/sv\/wp-json\/wp\/v2\/properties\/30904","targetHints":{"allow":["GET"]}}],"collection":[{"href":"https:\/\/myhomeproperty.es\/sv\/wp-json\/wp\/v2\/properties"}],"about":[{"href":"https:\/\/myhomeproperty.es\/sv\/wp-json\/wp\/v2\/types\/property"}],"author":[{"embeddable":true,"href":"https:\/\/myhomeproperty.es\/sv\/wp-json\/wp\/v2\/users\/3"}],"version-history":[{"count":3,"href":"https:\/\/myhomeproperty.es\/sv\/wp-json\/wp\/v2\/properties\/30904\/revisions"}],"predecessor-version":[{"id":30914,"href":"https:\/\/myhomeproperty.es\/sv\/wp-json\/wp\/v2\/properties\/30904\/revisions\/30914"}],"wp:featuredmedia":[{"embeddable":true,"href":"https:\/\/myhomeproperty.es\/sv\/wp-json\/wp\/v2\/media\/30868"}],"wp:attachment":[{"href":"https:\/\/myhomeproperty.es\/sv\/wp-json\/wp\/v2\/media?parent=30904"}],"wp:term":[{"taxonomy":"property_type","embeddable":true,"href":"https:\/\/myhomeproperty.es\/sv\/wp-json\/wp\/v2\/property_type?post=30904"},{"taxonomy":"property_status","embeddable":true,"href":"https:\/\/myhomeproperty.es\/sv\/wp-json\/wp\/v2\/property_status?post=30904"},{"taxonomy":"property_feature","embeddable":true,"href":"https:\/\/myhomeproperty.es\/sv\/wp-json\/wp\/v2\/property_feature?post=30904"},{"taxonomy":"property_label","embeddable":true,"href":"https:\/\/myhomeproperty.es\/sv\/wp-json\/wp\/v2\/property_label?post=30904"},{"taxonomy":"property_country","embeddable":true,"href":"https:\/\/myhomeproperty.es\/sv\/wp-json\/wp\/v2\/property_country?post=30904"},{"taxonomy":"property_state","embeddable":true,"href":"https:\/\/myhomeproperty.es\/sv\/wp-json\/wp\/v2\/property_state?post=30904"},{"taxonomy":"property_city","embeddable":true,"href":"https:\/\/myhomeproperty.es\/sv\/wp-json\/wp\/v2\/property_city?post=30904"},{"taxonomy":"property_area","embeddable":true,"href":"https:\/\/myhomeproperty.es\/sv\/wp-json\/wp\/v2\/property_area?post=30904"}],"curies":[{"name":"wp","href":"https:\/\/api.w.org\/{rel}","templated":true}]}}

Lägenhet i Torrevieja, bara några meter från Cala Palangre

<p>Upptäck denna extraordinära fastighet som ligger bara några meter från den charmiga Cala Palangre. Dess centrala läge, i kombination med en privilegierad hörnorientering, garanterar exceptionellt ljusinsläpp i varje hörn av hemmet.</p>

<p>Bostaden består av tre sovrum, två badrum, ett mysigt vardagsrum med matsal och ett kök med öppen planlösning, perfekt för att njuta av speciella stunder i sällskap. Den har också två charmiga terrasser som erbjuder det perfekta utrymmet för att koppla av och njuta av omgivningen. </p>

<p>Som ett mervärde har det ett förråd och garage, mycket uppskattade element i området som ger komfort och funktionalitet. Detta är en unik möjlighet att njuta av en bostad som är idealisk både för året runt boende och för semesterresor. </p>

<p></p>

<p>Upptäck denna extraordinära fastighet som ligger bara några meter från den charmiga Cala Palangre. Dess centrala läge, i kombination med en privilegierad hörnorientering, garanterar exceptionellt ljusinsläpp i varje hörn av hemmet. Bostaden består av tre sovrum, två badrum, ett mysigt vardagsrum med matsal och ett kök med öppen planlösning, perfekt för att njuta av speciella [&hellip;]</p>

gömma

författare_info
