{"id":32483,"date":"2025-07-15T11:44:35","date_gmt":"2025-07-15T11:44:35","guid":{"rendered":"https:\/\/myhomeproperty.es\/property\/lyxiga-villor-med-3-sovrum-i-santiago-de-la-ribera\/"},"modified":"2025-12-04T11:56:12","modified_gmt":"2025-12-04T11:56:12","slug":"lyxiga-villor-med-3-sovrum-i-santiago-de-la-ribera","status":"publish","type":"property","link":"https:\/\/myhomeproperty.es\/sv\/property\/lyxiga-villor-med-3-sovrum-i-santiago-de-la-ribera\/","title":{"rendered":"Lyxiga villor med 3 sovrum i Santiago de la Ribera"},"content":{"rendered":"\n<p>Vi presenterar detta lyxkomplex med 12 parhusvillor med privat pool, terrass och solarium med sommark\u00f6k i utvalda hem, d\u00e4r du kan njuta av solen varje dag p\u00e5 \u00e5ret. Dessutom inkluderar tv\u00e5 av bost\u00e4derna fotovoltaiska paneler f\u00f6r energibesparing. <\/p>\n\n<p>Varje villa har 3 sovrum och 2 eller 3 kompletta badrum. De \u00e4r inredda i modern stil med \u00f6ppen planl\u00f6sning och best\u00e5r av ett fullt utrustat k\u00f6k och ett vardagsrum med matsal. <\/p>\n\n<p>Anl\u00e4ggningen ligger i det v\u00e4lk\u00e4nda omr\u00e5det San Blas, i Santiago de la Ribera, Murcia, ett av de mest attraktiva omr\u00e5dena i Mar Menor, drygt 1 km fr\u00e5n stranden.<\/p>\n\n<p>Fastigheten kommer att uppfylla de h\u00f6gsta kvalitetsstandarderna och kommer att vara utrustad med:<\/p>\n\n<div class=\"wp-block-group\"><div class=\"wp-block-group__inner-container is-layout-constrained wp-block-group-is-layout-constrained\">\n<ul class=\"wp-block-list\">\n<li>Privat pool med dusch.<\/li>\n\n\n\n<li>Fullt utrustat k\u00f6k med kylsk\u00e5p, induktionsh\u00e4ll, ugn och mikrov\u00e5gsugn i kolonn, fl\u00e4ktk\u00e5pa och integrerad diskmaskin.<\/li>\n\n\n\n<li>Belysning: LED b\u00e5de inne i huset och p\u00e5 uteplatserna.<\/li>\n\n\n\n<li>Inbyggda garderober med l\u00e5dor, hyllor och h\u00e4ngskena. Fullt utrustade badrum med v\u00e4ggh\u00e4ngd toalett, duschv\u00e4ggar, tv\u00e4ttst\u00e4ll, spegel med belysning och dusch med regeleffekt. <\/li>\n\n\n\n<li>Solarium med sommark\u00f6k i utvalda bost\u00e4der.<\/li>\n\n\n\n<li>Optisk fiber.<\/li>\n\n\n\n<li>F\u00f6rinstallation av kanaliserad luftkonditionering.<\/li>\n\n\n\n<li>F\u00f6rinstallation f\u00f6r laddning av elfordon.<\/li>\n<\/ul>\n<\/div><\/div>\n\n<p><\/p>\n","protected":false},"excerpt":{"rendered":"<p>Vi presenterar detta lyxkomplex med 12 parhusvillor med privat pool, terrass och solarium med sommark\u00f6k i utvalda hem, d\u00e4r du kan njuta av solen varje dag p\u00e5 \u00e5ret. Dessutom inkluderar tv\u00e5 av bost\u00e4derna fotovoltaiska paneler f\u00f6r energibesparing. Varje villa har 3 sovrum och 2 eller 3 kompletta badrum. De \u00e4r inredda i modern stil med [&hellip;]<\/p>\n","protected":false},"author":3,"featured_media":32455,"parent":0,"menu_order":0,"template":"","property_type":[195],"property_status":[93],"property_feature":[89,295,243,219],"property_label":[],"property_country":[101],"property_state":[91],"property_city":[294,104],"property_area":[213],"class_list":["post-32483","property","type-property","status-publish","has-post-thumbnail","hentry","property_type-villa-sv","property_status-till-salu","property_feature-simbassang","property_feature-solarium-sv","property_feature-terrass","property_feature-tradgard","property_country-spanien","property_state-regionen-murcia","property_city-murcia-sv","property_city-san-javier-sv","property_area-santiago-de-la-ribera-sv"],"property_meta":{"fave_featured":["1"],"houzez_featured_listing_date":["2025-07-15 11:44:50"],"fave_property_images":["32451","32446","32441","32426","32431","32411","32421","32416","32456","32386","32391","32396","32401","32406","32381","32436","32461","32466","32471"],"fave_single_top_area":["global"],"_top_nav_excluded":[""],"_cms_nav_minihome":[""],"houzez_geolocation_lat":["37.7972232"],"houzez_geolocation_long":["-0.8048727"],"_last_translation_edit_mode":["translation-editor"],"_thumbnail_id":["32455"],"houzez_total_property_views":["82"],"houzez_views_by_date":["a:61:{s:10:\"08-11-2025\";i:2;s:10:\"08-18-2025\";i:1;s:10:\"08-19-2025\";i:1;s:10:\"08-22-2025\";i:1;s:10:\"08-27-2025\";i:1;s:10:\"08-29-2025\";i:2;s:10:\"09-04-2025\";i:1;s:10:\"09-06-2025\";i:1;s:10:\"09-07-2025\";i:1;s:10:\"09-08-2025\";i:1;s:10:\"09-13-2025\";i:1;s:10:\"09-18-2025\";i:1;s:10:\"09-22-2025\";i:1;s:10:\"09-26-2025\";i:2;s:10:\"09-27-2025\";i:1;s:10:\"09-28-2025\";i:1;s:10:\"10-01-2025\";i:1;s:10:\"10-02-2025\";i:1;s:10:\"10-06-2025\";i:1;s:10:\"10-11-2025\";i:1;s:10:\"10-16-2025\";i:1;s:10:\"10-21-2025\";i:1;s:10:\"11-03-2025\";i:1;s:10:\"11-05-2025\";i:1;s:10:\"11-06-2025\";i:1;s:10:\"11-16-2025\";i:1;s:10:\"11-17-2025\";i:1;s:10:\"11-28-2025\";i:1;s:10:\"12-02-2025\";i:1;s:10:\"12-05-2025\";i:1;s:10:\"12-09-2025\";i:1;s:10:\"12-15-2025\";i:1;s:10:\"12-19-2025\";i:1;s:10:\"01-03-2026\";i:1;s:10:\"01-07-2026\";i:1;s:10:\"01-11-2026\";i:2;s:10:\"01-17-2026\";i:1;s:10:\"01-30-2026\";i:1;s:10:\"01-31-2026\";i:1;s:10:\"02-04-2026\";i:1;s:10:\"02-12-2026\";i:1;s:10:\"02-13-2026\";i:1;s:10:\"02-16-2026\";i:2;s:10:\"02-21-2026\";i:1;s:10:\"03-01-2026\";i:1;s:10:\"03-10-2026\";i:1;s:10:\"03-11-2026\";i:2;s:10:\"03-16-2026\";i:1;s:10:\"03-21-2026\";i:1;s:10:\"03-22-2026\";i:1;s:10:\"03-26-2026\";i:1;s:10:\"03-30-2026\";i:1;s:10:\"04-02-2026\";i:1;s:10:\"04-05-2026\";i:1;s:10:\"04-08-2026\";i:1;s:10:\"04-10-2026\";i:2;s:10:\"04-15-2026\";i:1;s:10:\"04-17-2026\";i:1;s:10:\"04-19-2026\";i:1;s:10:\"04-24-2026\";i:1;s:10:\"04-28-2026\";i:1;}"],"houzez_recently_viewed":["2026-04-28 18:49:45"],"_elementor_page_assets":["a:0:{}"],"fave_property_price":["369000"],"fave_property_price_prefix":["FR\u00c5N"],"fave_property_size":["106"],"fave_property_land":["130"],"fave_property_bedrooms":["3"],"fave_property_bathrooms":["2"],"fave_property_id":["3062MHP"],"fave_property_map":["1"],"fave_property_map_address":["Santiago de La Ribera, Avenida Sandoval, Santiago de la Ribera, San Javier, Campo de Cartagena y Mar Menor, Regi\u00f3n de Murcia, 30720, Spanien"],"fave_property_location":["37.7972232,-0.8048727,12"],"fave_property_map_street_view":["g\u00f6mma"],"fave_agent_display_option":["f\u00f6rfattare_info"],"fave_prop_homeslider":["nej"],"fave_private_note":["PACO ALBALADEJO - RESIDENCIAL ROSA MORADA - zona San Blas"],"houzez_manual_expire":["0"],"_houzez_expiration_date_status":["saved"]},"_links":{"self":[{"href":"https:\/\/myhomeproperty.es\/sv\/wp-json\/wp\/v2\/properties\/32483","targetHints":{"allow":["GET"]}}],"collection":[{"href":"https:\/\/myhomeproperty.es\/sv\/wp-json\/wp\/v2\/properties"}],"about":[{"href":"https:\/\/myhomeproperty.es\/sv\/wp-json\/wp\/v2\/types\/property"}],"author":[{"embeddable":true,"href":"https:\/\/myhomeproperty.es\/sv\/wp-json\/wp\/v2\/users\/3"}],"version-history":[{"count":3,"href":"https:\/\/myhomeproperty.es\/sv\/wp-json\/wp\/v2\/properties\/32483\/revisions"}],"predecessor-version":[{"id":34989,"href":"https:\/\/myhomeproperty.es\/sv\/wp-json\/wp\/v2\/properties\/32483\/revisions\/34989"}],"wp:featuredmedia":[{"embeddable":true,"href":"https:\/\/myhomeproperty.es\/sv\/wp-json\/wp\/v2\/media\/32455"}],"wp:attachment":[{"href":"https:\/\/myhomeproperty.es\/sv\/wp-json\/wp\/v2\/media?parent=32483"}],"wp:term":[{"taxonomy":"property_type","embeddable":true,"href":"https:\/\/myhomeproperty.es\/sv\/wp-json\/wp\/v2\/property_type?post=32483"},{"taxonomy":"property_status","embeddable":true,"href":"https:\/\/myhomeproperty.es\/sv\/wp-json\/wp\/v2\/property_status?post=32483"},{"taxonomy":"property_feature","embeddable":true,"href":"https:\/\/myhomeproperty.es\/sv\/wp-json\/wp\/v2\/property_feature?post=32483"},{"taxonomy":"property_label","embeddable":true,"href":"https:\/\/myhomeproperty.es\/sv\/wp-json\/wp\/v2\/property_label?post=32483"},{"taxonomy":"property_country","embeddable":true,"href":"https:\/\/myhomeproperty.es\/sv\/wp-json\/wp\/v2\/property_country?post=32483"},{"taxonomy":"property_state","embeddable":true,"href":"https:\/\/myhomeproperty.es\/sv\/wp-json\/wp\/v2\/property_state?post=32483"},{"taxonomy":"property_city","embeddable":true,"href":"https:\/\/myhomeproperty.es\/sv\/wp-json\/wp\/v2\/property_city?post=32483"},{"taxonomy":"property_area","embeddable":true,"href":"https:\/\/myhomeproperty.es\/sv\/wp-json\/wp\/v2\/property_area?post=32483"}],"curies":[{"name":"wp","href":"https:\/\/api.w.org\/{rel}","templated":true}]}}

<p>Vi presenterar detta lyxkomplex med 12 parhusvillor med privat pool, terrass och solarium med sommarkök i utvalda hem, där du kan njuta av solen varje dag på året. Dessutom inkluderar två av bostäderna fotovoltaiska paneler för energibesparing. </p>

<p>Varje villa har 3 sovrum och 2 eller 3 kompletta badrum. De är inredda i modern stil med öppen planlösning och består av ett fullt utrustat kök och ett vardagsrum med matsal. </p>

<p>Anläggningen ligger i det välkända området San Blas, i Santiago de la Ribera, Murcia, ett av de mest attraktiva områdena i Mar Menor, drygt 1 km från stranden.</p>

<p>Fastigheten kommer att uppfylla de högsta kvalitetsstandarderna och kommer att vara utrustad med:</p>

<div class="wp-block-group"><div class="wp-block-group__inner-container is-layout-constrained wp-block-group-is-layout-constrained">
<ul class="wp-block-list">
<li>Privat pool med dusch.</li>



<li>Fullt utrustat kök med kylskåp, induktionshäll, ugn och mikrovågsugn i kolonn, fläktkåpa och integrerad diskmaskin.</li>



<li>Belysning: LED både inne i huset och på uteplatserna.</li>



<li>Inbyggda garderober med lådor, hyllor och hängskena. Fullt utrustade badrum med vägghängd toalett, duschväggar, tvättställ, spegel med belysning och dusch med regeleffekt. </li>



<li>Solarium med sommarkök i utvalda bostäder.</li>



<li>Optisk fiber.</li>



<li>Förinstallation av kanaliserad luftkonditionering.</li>



<li>Förinstallation för laddning av elfordon.</li>
</ul>
</div></div>

<p></p>

<p>Vi presenterar detta lyxkomplex med 12 parhusvillor med privat pool, terrass och solarium med sommarkök i utvalda hem, där du kan njuta av solen varje dag på året. Dessutom inkluderar två av bostäderna fotovoltaiska paneler för energibesparing. Varje villa har 3 sovrum och 2 eller 3 kompletta badrum. De är inredda i modern stil med [&hellip;]</p>

FRÅN

Santiago de La Ribera, Avenida Sandoval, Santiago de la Ribera, San Javier, Campo de Cartagena y Mar Menor, Región de Murcia, 30720, Spanien

gömma

författare_info
