{"id":32723,"date":"2025-07-15T12:57:47","date_gmt":"2025-07-15T12:57:47","guid":{"rendered":"https:\/\/myhomeproperty.es\/property\/exklusiv-modern-villa-i-avileses\/"},"modified":"2025-12-04T11:59:07","modified_gmt":"2025-12-04T11:59:07","slug":"exklusiv-modern-villa-i-avileses","status":"publish","type":"property","link":"https:\/\/myhomeproperty.es\/sv\/property\/exklusiv-modern-villa-i-avileses\/","title":{"rendered":"Exklusiv modern villa i Avileses"},"content":{"rendered":"\n<p>Uppt\u00e4ck denna eleganta moderna h\u00f6rnvilla, designad f\u00f6r att erbjuda komfort, funktionalitet och en avslappnad livsstil. Den \u00e4r f\u00f6rdelad p\u00e5 ett enda v\u00e5ningsplan och har:<\/p>\n\n<ul class=\"wp-block-list\">\n<li>\ud83d\udecf\ufe0f 3 rymliga sovrum, inklusive en master-svit med eget badrum och inbyggda garderober.<\/li>\n\n\n\n<li>\ud83d\udebf 2 kompletta badrum, med moderna ytskikt och h\u00f6gkvalitativa material.<\/li>\n\n\n\n<li>\ud83c\udf7d\ufe0f K\u00f6k med \u00f6ppen planl\u00f6sning, fullt utrustat och integrerat med ett rymligt och ljust vardagsrum.<\/li>\n\n\n\n<li>\ud83c\udfca\u200d\u2642\ufe0f Privat pool p\u00e5 20 m\u00b2, perfekt f\u00f6r att njuta av solen och det goda v\u00e4dret.<\/li>\n\n\n\n<li>\u2600\ufe0f Imponerande 76 m\u00b2 solarium, perfekt f\u00f6r m\u00f6ten, avkoppling och solbad.<\/li>\n\n\n\n<li>\ud83d\udcd0 Tomt p\u00e5 183 m\u00b2 med 90 m\u00b2 byggd yta, utformad f\u00f6r att maximera varje h\u00f6rn.<\/li>\n<\/ul>\n\n<p>\ud83d\udcb0 Pris: 289.000 \u20ac.<\/p>\n\n<p>Avileses \u00e4r en charmig by i Murcia kommun som kombinerar lugnet p\u00e5 landsbygden med utm\u00e4rkta f\u00f6rbindelser till tj\u00e4nster, str\u00e4nder och flygplatser. Det \u00e4r idealiskt b\u00e5de som permanent bostad och som en semesterinvestering. <\/p>\n\n<p>\ud83d\udccd Privilegierad plats<\/p>\n\n<ul class=\"wp-block-list\">\n<li>Lugnt bostadsomr\u00e5de med familj\u00e4r st\u00e4mning och l\u00e5g befolkningst\u00e4thet.<\/li>\n\n\n\n<li>Omgiven av natur, golfbanor och \u00f6ppna ytor.<\/li>\n\n\n\n<li>V\u00e4lkomnande samh\u00e4lle med grundl\u00e4ggande service i n\u00e4rheten: stormarknader, restauranger, skolor och idrottsanl\u00e4ggningar.<\/li>\n<\/ul>\n\n<p>\u2708\ufe0f Anslutningsm\u00f6jligheter<\/p>\n\n<ul class=\"wp-block-list\">\n<li>Endast 25 minuter (24 km) fr\u00e5n Murcias internationella flygplats (RMU) \u207d\u00b9\u207e.<\/li>\n\n\n\n<li>50 minuter (75 km) fr\u00e5n Alicante-Elche Airport (ALC), perfekt f\u00f6r internationella flygningar.<\/li>\n<\/ul>\n\n<p>\ud83c\udfd6\ufe0f N\u00e4rhet till str\u00e4nder<\/p>\n\n<ul class=\"wp-block-list\">\n<li>15 minuter (13 km) fr\u00e5n str\u00e4nderna i Mar Menor, som Los Alc\u00e1zares och San Pedro del Pinatar, perfekt f\u00f6r att njuta av solen och vattensporter\u207d\u00b2\u207e.<\/li>\n\n\n\n<li>30 minuter fr\u00e5n Medelhavets str\u00e4nder, s\u00e5som La Manga och Calblanque, k\u00e4nda f\u00f6r sin naturliga sk\u00f6nhet och kristallklara vatten\u207d\u00b3\u207e.<\/li>\n<\/ul>\n\n<p>\ud83d\ude97 Genv\u00e4gar<\/p>\n\n<ul class=\"wp-block-list\">\n<li>Direkt v\u00e4gf\u00f6rbindelse till Murcia (30 minuter) och Cartagena (25 minuter).<\/li>\n\n\n\n<li>Enkel \u00e5tkomst till motorv\u00e4garna RM-19 och A-30.<\/li>\n<\/ul>\n\n<p>Ett perfekt hem f\u00f6r dem som letar efter komfort, modern design och integritet, redo att flytta in! <\/p>\n","protected":false},"excerpt":{"rendered":"<p>Uppt\u00e4ck denna eleganta moderna h\u00f6rnvilla, designad f\u00f6r att erbjuda komfort, funktionalitet och en avslappnad livsstil. Den \u00e4r f\u00f6rdelad p\u00e5 ett enda v\u00e5ningsplan och har: \ud83d\udcb0 Pris: 289.000 \u20ac. Avileses \u00e4r en charmig by i Murcia kommun som kombinerar lugnet p\u00e5 landsbygden med utm\u00e4rkta f\u00f6rbindelser till tj\u00e4nster, str\u00e4nder och flygplatser. Det \u00e4r idealiskt b\u00e5de som permanent [&hellip;]<\/p>\n","protected":false},"author":3,"featured_media":32626,"parent":0,"menu_order":0,"template":"","property_type":[195],"property_status":[93],"property_feature":[89,295,243],"property_label":[],"property_country":[101],"property_state":[91],"property_city":[294],"property_area":[316],"class_list":["post-32723","property","type-property","status-publish","has-post-thumbnail","hentry","property_type-villa-sv","property_status-till-salu","property_feature-simbassang","property_feature-solarium-sv","property_feature-terrass","property_country-spanien","property_state-regionen-murcia","property_city-murcia-sv","property_area-avileses-sv"],"property_meta":{"fave_featured":["1"],"houzez_featured_listing_date":["2025-07-15 14:24:45"],"fave_property_images":["32492","32672","32627","32622","32677","32617","32607","32612","32662","32632","32497","32502","32507","32527","32517","32522","32532","32707","32697","32512","32577","32712","32702","32582","32592","32587","32542","32547","32687","32552","32557","32562","32567","32572","32597","32717","32602","32537","32692","32682","32637","32652","32642","32647","32657","32667"],"fave_single_top_area":["global"],"_top_nav_excluded":[""],"_cms_nav_minihome":[""],"houzez_geolocation_lat":["37.8488494"],"houzez_geolocation_long":["-0.9421205"],"_thumbnail_id":["32626"],"_last_translation_edit_mode":["translation-editor"],"houzez_manual_expire":["0"],"_houzez_expiration_date_status":["saved"],"houzez_total_property_views":["91"],"houzez_views_by_date":["a:61:{s:10:\"08-28-2025\";i:1;s:10:\"08-29-2025\";i:1;s:10:\"08-30-2025\";i:2;s:10:\"09-04-2025\";i:1;s:10:\"09-08-2025\";i:1;s:10:\"09-09-2025\";i:1;s:10:\"09-14-2025\";i:1;s:10:\"09-16-2025\";i:1;s:10:\"09-18-2025\";i:1;s:10:\"09-23-2025\";i:1;s:10:\"09-26-2025\";i:1;s:10:\"09-28-2025\";i:2;s:10:\"10-02-2025\";i:1;s:10:\"10-03-2025\";i:1;s:10:\"10-04-2025\";i:1;s:10:\"10-07-2025\";i:1;s:10:\"10-12-2025\";i:1;s:10:\"10-13-2025\";i:1;s:10:\"10-17-2025\";i:1;s:10:\"10-22-2025\";i:1;s:10:\"10-26-2025\";i:2;s:10:\"11-05-2025\";i:1;s:10:\"11-17-2025\";i:2;s:10:\"11-20-2025\";i:1;s:10:\"11-28-2025\";i:2;s:10:\"12-03-2025\";i:1;s:10:\"12-10-2025\";i:1;s:10:\"12-13-2025\";i:1;s:10:\"12-18-2025\";i:1;s:10:\"12-20-2025\";i:1;s:10:\"12-25-2025\";i:1;s:10:\"12-29-2025\";i:1;s:10:\"01-03-2026\";i:1;s:10:\"01-06-2026\";i:1;s:10:\"01-08-2026\";i:1;s:10:\"01-11-2026\";i:2;s:10:\"01-19-2026\";i:1;s:10:\"01-23-2026\";i:1;s:10:\"01-28-2026\";i:1;s:10:\"01-31-2026\";i:1;s:10:\"02-02-2026\";i:1;s:10:\"02-10-2026\";i:1;s:10:\"02-15-2026\";i:1;s:10:\"02-19-2026\";i:1;s:10:\"02-25-2026\";i:1;s:10:\"03-03-2026\";i:1;s:10:\"03-11-2026\";i:2;s:10:\"03-12-2026\";i:1;s:10:\"03-15-2026\";i:1;s:10:\"03-19-2026\";i:1;s:10:\"03-21-2026\";i:1;s:10:\"03-25-2026\";i:1;s:10:\"03-30-2026\";i:1;s:10:\"03-31-2026\";i:1;s:10:\"04-05-2026\";i:1;s:10:\"04-06-2026\";i:2;s:10:\"04-10-2026\";i:1;s:10:\"04-15-2026\";i:1;s:10:\"04-16-2026\";i:1;s:10:\"04-24-2026\";i:1;s:10:\"04-28-2026\";i:1;}"],"houzez_recently_viewed":["2026-04-28 18:48:26"],"_elementor_page_assets":["a:0:{}"],"fave_property_price":["289000"],"fave_property_size":["90"],"fave_property_land":["185"],"fave_property_bedrooms":["3"],"fave_property_bathrooms":["2"],"fave_property_id":["3063MHR"],"fave_property_map":["1"],"fave_property_map_address":["Avileses, Jer\u00f3nimos y Avileses, Jer\u00f3nimos y Avileses y Balsicas de Arriba, Murcia, Campo de Cartagena y Mar Menor, Regi\u00f3n de Murcia, 30591, Spanien"],"fave_property_location":["37.8488494,-0.9421205,15"],"fave_property_map_street_view":["g\u00f6mma"],"fave_property_zip":["30590"],"fave_agent_display_option":["f\u00f6rfattare_info"],"fave_prop_homeslider":["nej"],"fave_private_note":["RODRIGO BOST\u00c4DER \u00c5TERF\u00d6RS\u00c4LJNING I AVILESES"]},"_links":{"self":[{"href":"https:\/\/myhomeproperty.es\/sv\/wp-json\/wp\/v2\/properties\/32723","targetHints":{"allow":["GET"]}}],"collection":[{"href":"https:\/\/myhomeproperty.es\/sv\/wp-json\/wp\/v2\/properties"}],"about":[{"href":"https:\/\/myhomeproperty.es\/sv\/wp-json\/wp\/v2\/types\/property"}],"author":[{"embeddable":true,"href":"https:\/\/myhomeproperty.es\/sv\/wp-json\/wp\/v2\/users\/3"}],"version-history":[{"count":2,"href":"https:\/\/myhomeproperty.es\/sv\/wp-json\/wp\/v2\/properties\/32723\/revisions"}],"predecessor-version":[{"id":32733,"href":"https:\/\/myhomeproperty.es\/sv\/wp-json\/wp\/v2\/properties\/32723\/revisions\/32733"}],"wp:featuredmedia":[{"embeddable":true,"href":"https:\/\/myhomeproperty.es\/sv\/wp-json\/wp\/v2\/media\/32626"}],"wp:attachment":[{"href":"https:\/\/myhomeproperty.es\/sv\/wp-json\/wp\/v2\/media?parent=32723"}],"wp:term":[{"taxonomy":"property_type","embeddable":true,"href":"https:\/\/myhomeproperty.es\/sv\/wp-json\/wp\/v2\/property_type?post=32723"},{"taxonomy":"property_status","embeddable":true,"href":"https:\/\/myhomeproperty.es\/sv\/wp-json\/wp\/v2\/property_status?post=32723"},{"taxonomy":"property_feature","embeddable":true,"href":"https:\/\/myhomeproperty.es\/sv\/wp-json\/wp\/v2\/property_feature?post=32723"},{"taxonomy":"property_label","embeddable":true,"href":"https:\/\/myhomeproperty.es\/sv\/wp-json\/wp\/v2\/property_label?post=32723"},{"taxonomy":"property_country","embeddable":true,"href":"https:\/\/myhomeproperty.es\/sv\/wp-json\/wp\/v2\/property_country?post=32723"},{"taxonomy":"property_state","embeddable":true,"href":"https:\/\/myhomeproperty.es\/sv\/wp-json\/wp\/v2\/property_state?post=32723"},{"taxonomy":"property_city","embeddable":true,"href":"https:\/\/myhomeproperty.es\/sv\/wp-json\/wp\/v2\/property_city?post=32723"},{"taxonomy":"property_area","embeddable":true,"href":"https:\/\/myhomeproperty.es\/sv\/wp-json\/wp\/v2\/property_area?post=32723"}],"curies":[{"name":"wp","href":"https:\/\/api.w.org\/{rel}","templated":true}]}}

<p>Upptäck denna eleganta moderna hörnvilla, designad för att erbjuda komfort, funktionalitet och en avslappnad livsstil. Den är fördelad på ett enda våningsplan och har:</p>

<ul class="wp-block-list">
<li>🛏️ 3 rymliga sovrum, inklusive en master-svit med eget badrum och inbyggda garderober.</li>



<li>🚿 2 kompletta badrum, med moderna ytskikt och högkvalitativa material.</li>



<li>🍽️ Kök med öppen planlösning, fullt utrustat och integrerat med ett rymligt och ljust vardagsrum.</li>



<li>🏊‍♂️ Privat pool på 20 m², perfekt för att njuta av solen och det goda vädret.</li>



<li>☀️ Imponerande 76 m² solarium, perfekt för möten, avkoppling och solbad.</li>



<li>📐 Tomt på 183 m² med 90 m² byggd yta, utformad för att maximera varje hörn.</li>
</ul>

<p>💰 Pris: 289.000 €.</p>

<p>Avileses är en charmig by i Murcia kommun som kombinerar lugnet på landsbygden med utmärkta förbindelser till tjänster, stränder och flygplatser. Det är idealiskt både som permanent bostad och som en semesterinvestering. </p>

<p>📍 Privilegierad plats</p>

<ul class="wp-block-list">
<li>Lugnt bostadsområde med familjär stämning och låg befolkningstäthet.</li>



<li>Omgiven av natur, golfbanor och öppna ytor.</li>



<li>Välkomnande samhälle med grundläggande service i närheten: stormarknader, restauranger, skolor och idrottsanläggningar.</li>
</ul>

<p>✈️ Anslutningsmöjligheter</p>

<ul class="wp-block-list">
<li>Endast 25 minuter (24 km) från Murcias internationella flygplats (RMU) ⁽¹⁾.</li>



<li>50 minuter (75 km) från Alicante-Elche Airport (ALC), perfekt för internationella flygningar.</li>
</ul>

<p>🏖️ Närhet till stränder</p>

<ul class="wp-block-list">
<li>15 minuter (13 km) från stränderna i Mar Menor, som Los Alcázares och San Pedro del Pinatar, perfekt för att njuta av solen och vattensporter⁽²⁾.</li>



<li>30 minuter från Medelhavets stränder, såsom La Manga och Calblanque, kända för sin naturliga skönhet och kristallklara vatten⁽³⁾.</li>
</ul>

<p>🚗 Genvägar</p>

<ul class="wp-block-list">
<li>Direkt vägförbindelse till Murcia (30 minuter) och Cartagena (25 minuter).</li>



<li>Enkel åtkomst till motorvägarna RM-19 och A-30.</li>
</ul>

<p>Ett perfekt hem för dem som letar efter komfort, modern design och integritet, redo att flytta in! </p>

<p>Upptäck denna eleganta moderna hörnvilla, designad för att erbjuda komfort, funktionalitet och en avslappnad livsstil. Den är fördelad på ett enda våningsplan och har: 💰 Pris: 289.000 €. Avileses är en charmig by i Murcia kommun som kombinerar lugnet på landsbygden med utmärkta förbindelser till tjänster, stränder och flygplatser. Det är idealiskt både som permanent [&hellip;]</p>

Avileses, Jerónimos y Avileses, Jerónimos y Avileses y Balsicas de Arriba, Murcia, Campo de Cartagena y Mar Menor, Región de Murcia, 30591, Spanien

gömma

författare_info

RODRIGO BOSTÄDER ÅTERFÖRSÄLJNING I AVILESES
