{"id":34162,"date":"2025-10-23T18:45:30","date_gmt":"2025-10-23T18:45:30","guid":{"rendered":"https:\/\/myhomeproperty.es\/property\/lagenhet-i-lo-pagan-bara-200-meter-fran-havet\/"},"modified":"2025-10-27T08:42:07","modified_gmt":"2025-10-27T08:42:07","slug":"lagenhet-i-lo-pagan-bara-200-meter-fran-havet","status":"publish","type":"property","link":"https:\/\/myhomeproperty.es\/sv\/property\/lagenhet-i-lo-pagan-bara-200-meter-fran-havet\/","title":{"rendered":"L\u00e4genhet i Lo Pagan, bara 200 meter fr\u00e5n havet"},"content":{"rendered":"\n<p>Uppt\u00e4ck ditt nya hem vid havet! \ud83c\udf0a<\/p>\n\n<p>Denna spektakul\u00e4ra l\u00e4genhet i Lo Pagan ligger bara 200 meter fr\u00e5n stranden och kombinerar komfort, stil och ett privilegierat l\u00e4ge. Perfekt f\u00f6r dem som vill njuta av Medelhavet utan att ge upp alla bekv\u00e4mligheter i hemmet. <\/p>\n\n<p>\ud83c\udfe1 Utm\u00e4rkande egenskaper:<\/p>\n\n<ul class=\"wp-block-list\">\n<li>2 ljusa och mysiga sovrum<\/li>\n\n\n\n<li>1 komplett badrum + extra toalett f\u00f6r extra funktionalitet<\/li>\n\n\n\n<li>Stort fullt utrustat k\u00f6k, perfekt f\u00f6r sammankomster med familj och v\u00e4nner.<\/li>\n\n\n\n<li>Rymligt vardagsrum\/matsal, perfekt f\u00f6r avkopplande stunder.<\/li>\n\n\n\n<li>Stor inglasad terrass med hisnande utsikt<\/li>\n\n\n\n<li>Parkering ing\u00e5r, s\u00e5 du beh\u00f6ver inte leta efter en parkeringsplats.<\/li>\n\n\n\n<li>Anlagt omr\u00e5de som ger friskhet och lugn till omgivningen.<\/li>\n\n\n\n<li>Lyft f\u00f6r din dagliga komfort<\/li>\n<\/ul>\n\n<p>Den h\u00e4r fastigheten har allt: l\u00e4ge, utsikt, utrymme och livskvalitet. Oavsett om det \u00e4r som permanent bostad eller som en semesterinvestering \u00e4r det en unik m\u00f6jlighet. <\/p>\n\n<p>Kan du t\u00e4nka dig att vakna upp till havsbrisen och g\u00e5 till stranden p\u00e5 bara tv\u00e5 minuter? Den h\u00e4r l\u00e4genheten g\u00f6r den dr\u00f6mmen till verklighet. \ud83c\udf05<\/p>\n","protected":false},"excerpt":{"rendered":"<p>Uppt\u00e4ck ditt nya hem vid havet! \ud83c\udf0a Denna spektakul\u00e4ra l\u00e4genhet i Lo Pagan ligger bara 200 meter fr\u00e5n stranden och kombinerar komfort, stil och ett privilegierat l\u00e4ge. Perfekt f\u00f6r dem som vill njuta av Medelhavet utan att ge upp alla bekv\u00e4mligheter i hemmet. \ud83c\udfe1 Utm\u00e4rkande egenskaper: Den h\u00e4r fastigheten har allt: l\u00e4ge, utsikt, utrymme och [&hellip;]<\/p>\n","protected":false},"author":3,"featured_media":33919,"parent":0,"menu_order":0,"template":"","property_type":[179],"property_status":[93],"property_feature":[243,219],"property_label":[],"property_country":[101],"property_state":[91],"property_city":[87],"property_area":[239],"class_list":["post-34162","property","type-property","status-publish","has-post-thumbnail","hentry","property_type-lagenhet","property_status-till-salu","property_feature-terrass","property_feature-tradgard","property_country-spanien","property_state-regionen-murcia","property_city-san-pedro-del-pinatar-sv","property_area-lo-pagan-sv"],"property_meta":{"fave_featured":["0"],"houzez_featured_listing_date":[""],"fave_property_images":["33920","33825","33855","33830","33850","33845","33945","33935","33960","33965","33970","33810","33815","33820","33805","33795","34000","33785","33980","33985","33875","33790","33800","33870","33860","34135","34125","34090","34085","33890","33895","34110","33905","34070","34065","34060","34005","33885","34145","34150","34105","34010","34045","34179","34184","34189","34204","34174","34164","34194"],"fave_single_top_area":["global"],"_top_nav_excluded":[""],"_cms_nav_minihome":[""],"fave_property_land":["92"],"houzez_geolocation_lat":["25.68654"],"houzez_geolocation_long":["-80.431345"],"_thumbnail_id":["33919"],"_last_translation_edit_mode":["translation-editor"],"houzez_manual_expire":["0"],"_houzez_expiration_date_status":["saved"],"houzez_total_property_views":["60"],"houzez_views_by_date":["a:44:{s:10:\"10-23-2025\";i:3;s:10:\"10-24-2025\";i:3;s:10:\"10-27-2025\";i:1;s:10:\"11-01-2025\";i:1;s:10:\"11-13-2025\";i:2;s:10:\"11-17-2025\";i:1;s:10:\"11-22-2025\";i:1;s:10:\"11-25-2025\";i:1;s:10:\"11-28-2025\";i:1;s:10:\"12-06-2025\";i:1;s:10:\"12-10-2025\";i:1;s:10:\"12-15-2025\";i:1;s:10:\"12-20-2025\";i:1;s:10:\"12-25-2025\";i:1;s:10:\"01-02-2026\";i:1;s:10:\"01-04-2026\";i:1;s:10:\"01-07-2026\";i:1;s:10:\"01-11-2026\";i:2;s:10:\"01-13-2026\";i:1;s:10:\"01-20-2026\";i:1;s:10:\"01-22-2026\";i:1;s:10:\"01-26-2026\";i:1;s:10:\"02-11-2026\";i:1;s:10:\"02-20-2026\";i:1;s:10:\"02-23-2026\";i:1;s:10:\"03-03-2026\";i:1;s:10:\"03-09-2026\";i:1;s:10:\"03-10-2026\";i:1;s:10:\"03-11-2026\";i:2;s:10:\"03-15-2026\";i:2;s:10:\"03-20-2026\";i:1;s:10:\"03-24-2026\";i:1;s:10:\"03-29-2026\";i:1;s:10:\"04-03-2026\";i:1;s:10:\"04-05-2026\";i:1;s:10:\"04-09-2026\";i:1;s:10:\"04-10-2026\";i:7;s:10:\"04-13-2026\";i:1;s:10:\"04-14-2026\";i:1;s:10:\"04-16-2026\";i:1;s:10:\"04-18-2026\";i:1;s:10:\"04-20-2026\";i:1;s:10:\"04-22-2026\";i:1;s:10:\"04-28-2026\";i:3;}"],"houzez_recently_viewed":["2026-04-28 18:56:34"],"_elementor_page_assets":["a:0:{}"],"fave_property_price":["199000"],"fave_property_size":["92"],"fave_property_bedrooms":["2"],"fave_property_bathrooms":["2"],"fave_property_id":["3067MH"],"fave_property_map":["1"],"fave_property_location":["25.68654,-80.431345,15"],"fave_property_map_street_view":["g\u00f6mma"],"fave_property_address":["Greve av Romanones"],"fave_property_zip":["30740"],"fave_video_url":["https:\/\/youtu.be\/iCS2VCNUj-8"],"fave_agent_display_option":["f\u00f6rfattare_info"],"fave_prop_homeslider":["ja"]},"_links":{"self":[{"href":"https:\/\/myhomeproperty.es\/sv\/wp-json\/wp\/v2\/properties\/34162","targetHints":{"allow":["GET"]}}],"collection":[{"href":"https:\/\/myhomeproperty.es\/sv\/wp-json\/wp\/v2\/properties"}],"about":[{"href":"https:\/\/myhomeproperty.es\/sv\/wp-json\/wp\/v2\/types\/property"}],"author":[{"embeddable":true,"href":"https:\/\/myhomeproperty.es\/sv\/wp-json\/wp\/v2\/users\/3"}],"version-history":[{"count":2,"href":"https:\/\/myhomeproperty.es\/sv\/wp-json\/wp\/v2\/properties\/34162\/revisions"}],"predecessor-version":[{"id":34211,"href":"https:\/\/myhomeproperty.es\/sv\/wp-json\/wp\/v2\/properties\/34162\/revisions\/34211"}],"wp:featuredmedia":[{"embeddable":true,"href":"https:\/\/myhomeproperty.es\/sv\/wp-json\/wp\/v2\/media\/33919"}],"wp:attachment":[{"href":"https:\/\/myhomeproperty.es\/sv\/wp-json\/wp\/v2\/media?parent=34162"}],"wp:term":[{"taxonomy":"property_type","embeddable":true,"href":"https:\/\/myhomeproperty.es\/sv\/wp-json\/wp\/v2\/property_type?post=34162"},{"taxonomy":"property_status","embeddable":true,"href":"https:\/\/myhomeproperty.es\/sv\/wp-json\/wp\/v2\/property_status?post=34162"},{"taxonomy":"property_feature","embeddable":true,"href":"https:\/\/myhomeproperty.es\/sv\/wp-json\/wp\/v2\/property_feature?post=34162"},{"taxonomy":"property_label","embeddable":true,"href":"https:\/\/myhomeproperty.es\/sv\/wp-json\/wp\/v2\/property_label?post=34162"},{"taxonomy":"property_country","embeddable":true,"href":"https:\/\/myhomeproperty.es\/sv\/wp-json\/wp\/v2\/property_country?post=34162"},{"taxonomy":"property_state","embeddable":true,"href":"https:\/\/myhomeproperty.es\/sv\/wp-json\/wp\/v2\/property_state?post=34162"},{"taxonomy":"property_city","embeddable":true,"href":"https:\/\/myhomeproperty.es\/sv\/wp-json\/wp\/v2\/property_city?post=34162"},{"taxonomy":"property_area","embeddable":true,"href":"https:\/\/myhomeproperty.es\/sv\/wp-json\/wp\/v2\/property_area?post=34162"}],"curies":[{"name":"wp","href":"https:\/\/api.w.org\/{rel}","templated":true}]}}

Lägenhet i Lo Pagan, bara 200 meter från havet

<p>Upptäck ditt nya hem vid havet! 🌊</p>

<p>Denna spektakulära lägenhet i Lo Pagan ligger bara 200 meter från stranden och kombinerar komfort, stil och ett privilegierat läge. Perfekt för dem som vill njuta av Medelhavet utan att ge upp alla bekvämligheter i hemmet. </p>

<p>🏡 Utmärkande egenskaper:</p>

<ul class="wp-block-list">
<li>2 ljusa och mysiga sovrum</li>



<li>1 komplett badrum + extra toalett för extra funktionalitet</li>



<li>Stort fullt utrustat kök, perfekt för sammankomster med familj och vänner.</li>



<li>Rymligt vardagsrum/matsal, perfekt för avkopplande stunder.</li>



<li>Stor inglasad terrass med hisnande utsikt</li>



<li>Parkering ingår, så du behöver inte leta efter en parkeringsplats.</li>



<li>Anlagt område som ger friskhet och lugn till omgivningen.</li>



<li>Lyft för din dagliga komfort</li>
</ul>

<p>Den här fastigheten har allt: läge, utsikt, utrymme och livskvalitet. Oavsett om det är som permanent bostad eller som en semesterinvestering är det en unik möjlighet. </p>

<p>Kan du tänka dig att vakna upp till havsbrisen och gå till stranden på bara två minuter? Den här lägenheten gör den drömmen till verklighet. 🌅</p>

<p>Upptäck ditt nya hem vid havet! 🌊 Denna spektakulära lägenhet i Lo Pagan ligger bara 200 meter från stranden och kombinerar komfort, stil och ett privilegierat läge. Perfekt för dem som vill njuta av Medelhavet utan att ge upp alla bekvämligheter i hemmet. 🏡 Utmärkande egenskaper: Den här fastigheten har allt: läge, utsikt, utrymme och [&hellip;]</p>

gömma

författare_info
