{"id":34363,"date":"2025-11-04T09:33:41","date_gmt":"2025-11-04T09:33:41","guid":{"rendered":"https:\/\/myhomeproperty.es\/property\/hornvilla-i-roldan-med-3-sovrum-och-3-badrum\/"},"modified":"2025-12-26T12:13:01","modified_gmt":"2025-12-26T12:13:01","slug":"hornvilla-i-roldan-med-3-sovrum-och-3-badrum","status":"publish","type":"property","link":"https:\/\/myhomeproperty.es\/sv\/property\/hornvilla-i-roldan-med-3-sovrum-och-3-badrum\/","title":{"rendered":"H\u00f6rnvilla i Roldan med 3 sovrum och 3 badrum."},"content":{"rendered":"\n<p>Vi presenterar denna tv\u00e5v\u00e5ningsvilla med privat pool, terrass och solarium med sommark\u00f6k f\u00f6r att njuta av solen \u00e5ret runt.  <\/p>\n\n<p>H\u00e4r finns 3 sovrum och 3 kompletta badrum. De \u00e4r inredda i modern stil och har en \u00f6ppen planl\u00f6sning med ett fullt utrustat k\u00f6k och ett vardagsrum med matplats.   <\/p>\n\n<p>Anl\u00e4ggningen ligger i Rold\u00e1n (Murcia), i ett inh\u00e4gnat omr\u00e5de med s\u00e4kerhet. Det ligger n\u00e4ra stranden, omgiven av tj\u00e4nster, parker, idrottsanl\u00e4ggningar och flera golfbanor. <\/p>\n\n<p>Fastigheten uppfyller de h\u00f6gsta standarderna och \u00e4r utrustad med:  <\/p>\n\n<ul class=\"wp-block-list\">\n<li>M\u00f6bler  <\/li>\n\n\n\n<li>Kanaliserad luftkonditionering<\/li>\n\n\n\n<li>Privat pool med f\u00f6rinstallation f\u00f6r v\u00e4rmesystem och soldusch.<\/li>\n\n\n\n<li>Fullt utrustat k\u00f6k med ugn, mikrov\u00e5gsugn, kylsk\u00e5p, integrerad diskmaskin och fl\u00e4ktk\u00e5pa. Dessutom en central k\u00f6ks\u00f6 i tr\u00e4. <\/li>\n\n\n\n<li>LED-belysning b\u00e5de inomhus och utomhus.  <\/li>\n\n\n\n<li>Inbyggda garderober med l\u00e5dor.  <\/li>\n\n\n\n<li>Fullt utrustade badrum med v\u00e4ggh\u00e4ngd toalett, duschv\u00e4ggar, handfat med kommod, spegel med belysning och regndusch.  <\/li>\n\n\n\n<li>Sommark\u00f6k p\u00e5 solarium.  <\/li>\n\n\n\n<li>Parkeringsplats p\u00e5 tomten.<\/li>\n<\/ul>\n\n<p><\/p>\n\n<p>Be om ett bes\u00f6k, s\u00e5 ger vi dig g\u00e4rna mer information.<\/p>\n\n<p><\/p>\n","protected":false},"excerpt":{"rendered":"<p>Vi presenterar denna tv\u00e5v\u00e5ningsvilla med privat pool, terrass och solarium med sommark\u00f6k f\u00f6r att njuta av solen \u00e5ret runt. H\u00e4r finns 3 sovrum och 3 kompletta badrum. De \u00e4r inredda i modern stil och har en \u00f6ppen planl\u00f6sning med ett fullt utrustat k\u00f6k och ett vardagsrum med matplats. Anl\u00e4ggningen ligger i Rold\u00e1n (Murcia), i ett [&hellip;]<\/p>\n","protected":false},"author":3,"featured_media":34361,"parent":0,"menu_order":0,"template":"","property_type":[195],"property_status":[93],"property_feature":[89,295,243,219],"property_label":[],"property_country":[101],"property_state":[91],"property_city":[336],"property_area":[],"class_list":["post-34363","property","type-property","status-publish","has-post-thumbnail","hentry","property_type-villa-sv","property_status-till-salu","property_feature-simbassang","property_feature-solarium-sv","property_feature-terrass","property_feature-tradgard","property_country-spanien","property_state-regionen-murcia","property_city-roldan-sv"],"property_meta":{"fave_featured":["0"],"houzez_featured_listing_date":[""],"fave_property_images":["34292","34287","34282","34262","34267","34217","34272","34277","34302","34257","34297","34247","34222","34252","34332","34307","34317","34327","34322","34227","34232","34237","34242","34337","34342","34347","34352"],"fave_single_top_area":["global"],"_top_nav_excluded":[""],"_cms_nav_minihome":[""],"houzez_geolocation_lat":["37.798730003733"],"houzez_geolocation_long":["-1.0079956054688"],"_thumbnail_id":["34361"],"_last_translation_edit_mode":["translation-editor"],"houzez_manual_expire":["0"],"_houzez_expiration_date_status":["saved"],"houzez_total_property_views":["57"],"houzez_views_by_date":["a:42:{s:10:\"11-04-2025\";i:2;s:10:\"11-05-2025\";i:1;s:10:\"11-07-2025\";i:1;s:10:\"11-08-2025\";i:1;s:10:\"11-13-2025\";i:1;s:10:\"11-16-2025\";i:1;s:10:\"11-17-2025\";i:1;s:10:\"11-27-2025\";i:1;s:10:\"12-10-2025\";i:2;s:10:\"12-15-2025\";i:1;s:10:\"12-20-2025\";i:1;s:10:\"12-31-2025\";i:2;s:10:\"01-01-2026\";i:2;s:10:\"01-03-2026\";i:1;s:10:\"01-05-2026\";i:1;s:10:\"01-11-2026\";i:2;s:10:\"01-16-2026\";i:1;s:10:\"01-19-2026\";i:1;s:10:\"01-29-2026\";i:2;s:10:\"02-03-2026\";i:1;s:10:\"02-04-2026\";i:4;s:10:\"02-19-2026\";i:1;s:10:\"02-23-2026\";i:1;s:10:\"02-24-2026\";i:1;s:10:\"02-25-2026\";i:2;s:10:\"03-07-2026\";i:2;s:10:\"03-11-2026\";i:2;s:10:\"03-12-2026\";i:1;s:10:\"03-13-2026\";i:1;s:10:\"03-18-2026\";i:1;s:10:\"03-20-2026\";i:1;s:10:\"03-22-2026\";i:1;s:10:\"03-27-2026\";i:1;s:10:\"03-31-2026\";i:1;s:10:\"04-06-2026\";i:1;s:10:\"04-09-2026\";i:1;s:10:\"04-11-2026\";i:1;s:10:\"04-14-2026\";i:2;s:10:\"04-15-2026\";i:2;s:10:\"04-20-2026\";i:1;s:10:\"04-24-2026\";i:1;s:10:\"04-28-2026\";i:2;}"],"houzez_recently_viewed":["2026-04-28 19:00:01"],"_elementor_page_assets":["a:0:{}"],"fave_property_price":["324900"],"fave_property_size":["76"],"fave_property_land":["200"],"fave_property_bedrooms":["3"],"fave_property_bathrooms":["2"],"fave_property_id":["3068MHP"],"fave_property_map_address":["Murcia"],"fave_property_location":["37.798730003733,-1.0079956054688,14"],"fave_property_map_street_view":["visa"],"fave_property_zip":["30590"],"fave_video_url":["https:\/\/youtu.be\/i15pprz0d6g"],"fave_agent_display_option":["f\u00f6rfattare_info"],"fave_prop_homeslider":["nej"],"fave_private_note":["El Alba Resort Residencial El Alba Rold\u00e1n Fase II - PACO ALBALADEJO - visa l\u00e4genhet inkl. m\u00f6bler och luftkonditionering utveckling \n\nFase III under uppbyggnad\n"]},"_links":{"self":[{"href":"https:\/\/myhomeproperty.es\/sv\/wp-json\/wp\/v2\/properties\/34363","targetHints":{"allow":["GET"]}}],"collection":[{"href":"https:\/\/myhomeproperty.es\/sv\/wp-json\/wp\/v2\/properties"}],"about":[{"href":"https:\/\/myhomeproperty.es\/sv\/wp-json\/wp\/v2\/types\/property"}],"author":[{"embeddable":true,"href":"https:\/\/myhomeproperty.es\/sv\/wp-json\/wp\/v2\/users\/3"}],"version-history":[{"count":2,"href":"https:\/\/myhomeproperty.es\/sv\/wp-json\/wp\/v2\/properties\/34363\/revisions"}],"predecessor-version":[{"id":34375,"href":"https:\/\/myhomeproperty.es\/sv\/wp-json\/wp\/v2\/properties\/34363\/revisions\/34375"}],"wp:featuredmedia":[{"embeddable":true,"href":"https:\/\/myhomeproperty.es\/sv\/wp-json\/wp\/v2\/media\/34361"}],"wp:attachment":[{"href":"https:\/\/myhomeproperty.es\/sv\/wp-json\/wp\/v2\/media?parent=34363"}],"wp:term":[{"taxonomy":"property_type","embeddable":true,"href":"https:\/\/myhomeproperty.es\/sv\/wp-json\/wp\/v2\/property_type?post=34363"},{"taxonomy":"property_status","embeddable":true,"href":"https:\/\/myhomeproperty.es\/sv\/wp-json\/wp\/v2\/property_status?post=34363"},{"taxonomy":"property_feature","embeddable":true,"href":"https:\/\/myhomeproperty.es\/sv\/wp-json\/wp\/v2\/property_feature?post=34363"},{"taxonomy":"property_label","embeddable":true,"href":"https:\/\/myhomeproperty.es\/sv\/wp-json\/wp\/v2\/property_label?post=34363"},{"taxonomy":"property_country","embeddable":true,"href":"https:\/\/myhomeproperty.es\/sv\/wp-json\/wp\/v2\/property_country?post=34363"},{"taxonomy":"property_state","embeddable":true,"href":"https:\/\/myhomeproperty.es\/sv\/wp-json\/wp\/v2\/property_state?post=34363"},{"taxonomy":"property_city","embeddable":true,"href":"https:\/\/myhomeproperty.es\/sv\/wp-json\/wp\/v2\/property_city?post=34363"},{"taxonomy":"property_area","embeddable":true,"href":"https:\/\/myhomeproperty.es\/sv\/wp-json\/wp\/v2\/property_area?post=34363"}],"curies":[{"name":"wp","href":"https:\/\/api.w.org\/{rel}","templated":true}]}}

Hörnvilla i Roldan med 3 sovrum och 3 badrum.

<p>Vi presenterar denna tvåvåningsvilla med privat pool, terrass och solarium med sommarkök för att njuta av solen året runt.  </p>

<p>Här finns 3 sovrum och 3 kompletta badrum. De är inredda i modern stil och har en öppen planlösning med ett fullt utrustat kök och ett vardagsrum med matplats.   </p>

<p>Anläggningen ligger i Roldán (Murcia), i ett inhägnat område med säkerhet. Det ligger nära stranden, omgiven av tjänster, parker, idrottsanläggningar och flera golfbanor. </p>

<p>Fastigheten uppfyller de högsta standarderna och är utrustad med:  </p>

<ul class="wp-block-list">
<li>Möbler  </li>



<li>Kanaliserad luftkonditionering</li>



<li>Privat pool med förinstallation för värmesystem och soldusch.</li>



<li>Fullt utrustat kök med ugn, mikrovågsugn, kylskåp, integrerad diskmaskin och fläktkåpa. Dessutom en central köksö i trä. </li>



<li>LED-belysning både inomhus och utomhus.  </li>



<li>Inbyggda garderober med lådor.  </li>



<li>Fullt utrustade badrum med vägghängd toalett, duschväggar, handfat med kommod, spegel med belysning och regndusch.  </li>



<li>Sommarkök på solarium.  </li>



<li>Parkeringsplats på tomten.</li>
</ul>

<p></p>

<p>Be om ett besök, så ger vi dig gärna mer information.</p>

<p></p>

<p>Vi presenterar denna tvåvåningsvilla med privat pool, terrass och solarium med sommarkök för att njuta av solen året runt. Här finns 3 sovrum och 3 kompletta badrum. De är inredda i modern stil och har en öppen planlösning med ett fullt utrustat kök och ett vardagsrum med matplats. Anläggningen ligger i Roldán (Murcia), i ett [&hellip;]</p>

författare_info

El Alba Resort Residencial El Alba Roldán Fase II - PACO ALBALADEJO - visa lägenhet inkl. möbler och luftkonditionering utveckling 

Fase III under uppbyggnad
