{"id":34904,"date":"2025-11-24T18:39:15","date_gmt":"2025-11-24T18:39:15","guid":{"rendered":"https:\/\/myhomeproperty.es\/property\/lagenheter-med-1-2-eller-3-sovrum-i-avileses\/"},"modified":"2026-01-05T12:20:55","modified_gmt":"2026-01-05T12:20:55","slug":"lagenheter-med-1-2-eller-3-sovrum-i-avileses","status":"publish","type":"property","link":"https:\/\/myhomeproperty.es\/sv\/property\/lagenheter-med-1-2-eller-3-sovrum-i-avileses\/","title":{"rendered":"L\u00e4genheter med 1, 2 eller 3 sovrum i Avileses"},"content":{"rendered":"\n<p>Vi presenterar denna exklusiva utveckling av bost\u00e4der i byn Avileses, perfekt f\u00f6r dem som s\u00f6ker livskvalitet i en naturlig milj\u00f6 med goda transportf\u00f6rbindelser. Det h\u00e4r \u00e4r helt nya l\u00e4genheter med h\u00f6gkvalitativa ytbehandlingar och utm\u00e4rkt valuta f\u00f6r pengarna. <\/p>\n\n<p>Vi har l\u00e4genheter med 1 eller 2 sovrum med 1 badrum eller 3 sovrum med 2 badrum. Parkeringsplatser finns tillg\u00e4ngliga.   <\/p>\n\n<p>\ud83d\udccd Privilegierad plats<\/p>\n\n<ul class=\"wp-block-list\">\n<li>Endast 8 km fr\u00e5n flera golfbanor<\/li>\n\n\n\n<li>12 km fr\u00e5n San Javier<\/li>\n\n\n\n<li>10 km fr\u00e5n Hospital General Universitario Los Arcos del Mar Menor<\/li>\n\n\n\n<li>13 km fr\u00e5n str\u00e4nderna i Mar Menor<\/li>\n<\/ul>\n\n<p>\ud83d\udcb6 Priser fr\u00e5n 73.000 \u20ac.<\/p>\n\n<p>BLACKFRIDAY ERBJUDANDE: Vid k\u00f6p av huset ger vi bort en SMART TV 55&#8243;.<\/p>\n\n<p>Bilderna motsvarar visningsl\u00e4genheten med 2 sovrum och 1 badrum, med parkeringsplats, som levereras m\u00f6blerad och med elektriska apparater. POLOTO L\u00c4GENHET PRIS: 112.000\u20ac.  <\/p>\n\n<p><\/p>\n","protected":false},"excerpt":{"rendered":"<p>Vi presenterar denna exklusiva utveckling av bost\u00e4der i byn Avileses, perfekt f\u00f6r dem som s\u00f6ker livskvalitet i en naturlig milj\u00f6 med goda transportf\u00f6rbindelser. Det h\u00e4r \u00e4r helt nya l\u00e4genheter med h\u00f6gkvalitativa ytbehandlingar och utm\u00e4rkt valuta f\u00f6r pengarna. Vi har l\u00e4genheter med 1 eller 2 sovrum med 1 badrum eller 3 sovrum med 2 badrum. Parkeringsplatser [&hellip;]<\/p>\n","protected":false},"author":3,"featured_media":34897,"parent":0,"menu_order":0,"template":"","property_type":[179],"property_status":[93],"property_feature":[],"property_label":[],"property_country":[101],"property_state":[91],"property_city":[344,294],"property_area":[316],"class_list":["post-34904","property","type-property","status-publish","has-post-thumbnail","hentry","property_type-lagenhet","property_status-till-salu","property_country-spanien","property_state-regionen-murcia","property_city-avileses-sv","property_city-murcia-sv","property_area-avileses-sv"],"property_meta":{"fave_featured":["0"],"houzez_featured_listing_date":[""],"fave_property_images":["34898","34893","34873","34888","34828","34833","34838","34813","34788","34848","34818","34783","34843","34868","34863","34808","34803","34858","34853","34793","34823","34798"],"fave_single_top_area":["global"],"_top_nav_excluded":[""],"_cms_nav_minihome":[""],"houzez_geolocation_lat":["37.8488494"],"houzez_geolocation_long":["-0.9421205"],"_thumbnail_id":["34897"],"_last_translation_edit_mode":["translation-editor"],"houzez_total_property_views":["46"],"houzez_views_by_date":["a:37:{s:10:\"11-25-2025\";i:3;s:10:\"11-26-2025\";i:2;s:10:\"11-30-2025\";i:1;s:10:\"12-01-2025\";i:1;s:10:\"12-14-2025\";i:1;s:10:\"12-16-2025\";i:1;s:10:\"12-17-2025\";i:1;s:10:\"12-20-2025\";i:2;s:10:\"12-25-2025\";i:1;s:10:\"01-03-2026\";i:1;s:10:\"01-04-2026\";i:1;s:10:\"01-11-2026\";i:2;s:10:\"01-13-2026\";i:1;s:10:\"01-21-2026\";i:1;s:10:\"01-23-2026\";i:1;s:10:\"01-27-2026\";i:1;s:10:\"02-01-2026\";i:1;s:10:\"02-05-2026\";i:1;s:10:\"02-12-2026\";i:1;s:10:\"02-21-2026\";i:1;s:10:\"02-24-2026\";i:1;s:10:\"02-26-2026\";i:1;s:10:\"03-11-2026\";i:2;s:10:\"03-16-2026\";i:1;s:10:\"03-21-2026\";i:1;s:10:\"03-25-2026\";i:1;s:10:\"03-30-2026\";i:1;s:10:\"04-02-2026\";i:1;s:10:\"04-04-2026\";i:1;s:10:\"04-09-2026\";i:1;s:10:\"04-10-2026\";i:1;s:10:\"04-14-2026\";i:1;s:10:\"04-19-2026\";i:1;s:10:\"04-20-2026\";i:2;s:10:\"04-23-2026\";i:1;s:10:\"04-25-2026\";i:1;s:10:\"04-28-2026\";i:3;}"],"houzez_recently_viewed":["2026-04-28 19:00:01"],"_elementor_page_assets":["a:0:{}"],"fave_property_price":["78000"],"fave_property_id":["3070MHH"],"fave_property_map":["1"],"fave_property_map_address":["Avileses, Jer\u00f3nimos y Avileses, Jer\u00f3nimos y Avileses y Balsicas de Arriba, Murcia, Campo de Cartagena y Mar Menor, Regi\u00f3n de Murcia, 30590, Spanien"],"fave_property_location":["37.8488494,-0.9421205,15"],"fave_property_map_street_view":["g\u00f6mma"],"fave_agent_display_option":["f\u00f6rfattare_info"],"fave_prop_homeslider":["nej"],"houzez_manual_expire":["0"],"_houzez_expiration_date_status":["saved"]},"_links":{"self":[{"href":"https:\/\/myhomeproperty.es\/sv\/wp-json\/wp\/v2\/properties\/34904","targetHints":{"allow":["GET"]}}],"collection":[{"href":"https:\/\/myhomeproperty.es\/sv\/wp-json\/wp\/v2\/properties"}],"about":[{"href":"https:\/\/myhomeproperty.es\/sv\/wp-json\/wp\/v2\/types\/property"}],"author":[{"embeddable":true,"href":"https:\/\/myhomeproperty.es\/sv\/wp-json\/wp\/v2\/users\/3"}],"version-history":[{"count":2,"href":"https:\/\/myhomeproperty.es\/sv\/wp-json\/wp\/v2\/properties\/34904\/revisions"}],"predecessor-version":[{"id":34915,"href":"https:\/\/myhomeproperty.es\/sv\/wp-json\/wp\/v2\/properties\/34904\/revisions\/34915"}],"wp:featuredmedia":[{"embeddable":true,"href":"https:\/\/myhomeproperty.es\/sv\/wp-json\/wp\/v2\/media\/34897"}],"wp:attachment":[{"href":"https:\/\/myhomeproperty.es\/sv\/wp-json\/wp\/v2\/media?parent=34904"}],"wp:term":[{"taxonomy":"property_type","embeddable":true,"href":"https:\/\/myhomeproperty.es\/sv\/wp-json\/wp\/v2\/property_type?post=34904"},{"taxonomy":"property_status","embeddable":true,"href":"https:\/\/myhomeproperty.es\/sv\/wp-json\/wp\/v2\/property_status?post=34904"},{"taxonomy":"property_feature","embeddable":true,"href":"https:\/\/myhomeproperty.es\/sv\/wp-json\/wp\/v2\/property_feature?post=34904"},{"taxonomy":"property_label","embeddable":true,"href":"https:\/\/myhomeproperty.es\/sv\/wp-json\/wp\/v2\/property_label?post=34904"},{"taxonomy":"property_country","embeddable":true,"href":"https:\/\/myhomeproperty.es\/sv\/wp-json\/wp\/v2\/property_country?post=34904"},{"taxonomy":"property_state","embeddable":true,"href":"https:\/\/myhomeproperty.es\/sv\/wp-json\/wp\/v2\/property_state?post=34904"},{"taxonomy":"property_city","embeddable":true,"href":"https:\/\/myhomeproperty.es\/sv\/wp-json\/wp\/v2\/property_city?post=34904"},{"taxonomy":"property_area","embeddable":true,"href":"https:\/\/myhomeproperty.es\/sv\/wp-json\/wp\/v2\/property_area?post=34904"}],"curies":[{"name":"wp","href":"https:\/\/api.w.org\/{rel}","templated":true}]}}

Lägenheter med 1, 2 eller 3 sovrum i Avileses

<p>Vi presenterar denna exklusiva utveckling av bostäder i byn Avileses, perfekt för dem som söker livskvalitet i en naturlig miljö med goda transportförbindelser. Det här är helt nya lägenheter med högkvalitativa ytbehandlingar och utmärkt valuta för pengarna. </p>

<p>Vi har lägenheter med 1 eller 2 sovrum med 1 badrum eller 3 sovrum med 2 badrum. Parkeringsplatser finns tillgängliga.   </p>

<p>📍 Privilegierad plats</p>

<ul class="wp-block-list">
<li>Endast 8 km från flera golfbanor</li>



<li>12 km från San Javier</li>



<li>10 km från Hospital General Universitario Los Arcos del Mar Menor</li>



<li>13 km från stränderna i Mar Menor</li>
</ul>

<p>💶 Priser från 73.000 €.</p>

<p>BLACKFRIDAY ERBJUDANDE: Vid köp av huset ger vi bort en SMART TV 55&#8243;.</p>

<p>Bilderna motsvarar visningslägenheten med 2 sovrum och 1 badrum, med parkeringsplats, som levereras möblerad och med elektriska apparater. POLOTO LÄGENHET PRIS: 112.000€.  </p>

<p></p>

<p>Vi presenterar denna exklusiva utveckling av bostäder i byn Avileses, perfekt för dem som söker livskvalitet i en naturlig miljö med goda transportförbindelser. Det här är helt nya lägenheter med högkvalitativa ytbehandlingar och utmärkt valuta för pengarna. Vi har lägenheter med 1 eller 2 sovrum med 1 badrum eller 3 sovrum med 2 badrum. Parkeringsplatser [&hellip;]</p>

Avileses, Jerónimos y Avileses, Jerónimos y Avileses y Balsicas de Arriba, Murcia, Campo de Cartagena y Mar Menor, Región de Murcia, 30590, Spanien

gömma

författare_info
