{"id":4221,"date":"2024-08-30T08:07:39","date_gmt":"2024-08-30T08:07:39","guid":{"rendered":"https:\/\/myhomeproperty.es\/property\/radhus-i-roda\/"},"modified":"2024-10-16T14:52:04","modified_gmt":"2024-10-16T14:52:04","slug":"radhus-i-roda","status":"publish","type":"property","link":"https:\/\/myhomeproperty.es\/sv\/property\/radhus-i-roda\/","title":{"rendered":"Radhus i Roda"},"content":{"rendered":"\n<p>Vi presenterar detta charmiga parhus i Roda.<\/p>\n\n<p>Den \u00e4r f\u00f6rdelad p\u00e5 2 v\u00e5ningar och ett solarium. Den har ett vardagsrum med matsal, k\u00f6k med \u00f6ppen planl\u00f6sning, 2 sovrum, ett komplett badrum, en toalett, en stor terrass p\u00e5 40m2 med tillr\u00e4ckligt med utrymme f\u00f6r att parkera ett fordon och ett solarium.<\/p>\n\n<p>P\u00e5 f\u00f6rsta v\u00e5ningen finns vardagsrummet med matsal, k\u00f6k och toalett. P\u00e5 f\u00f6rsta v\u00e5ningen finns tv\u00e5 sovrum och ett helt renoverat badrum.<\/p>\n\n<p>Det har en gemensam andalusisk uteplats, n\u00e5s genom bakd\u00f6rren, som kan anv\u00e4ndas f\u00f6r personligt bruk, samt en gemensam pool och solarium med vacker utsikt.<\/p>\n\n<p>Bel\u00e4get i Se\u00f1orio de Roda, bara 1,5 km fr\u00e5n Los Alcazares, en charmig kuststad vid Mar Menor, i ett lugnt omr\u00e5de men samtidigt n\u00e4ra alla bekv\u00e4mligheter, stormarknader, restauranger, barer, skolor och v\u00e5rdcentraler.<\/p>\n\n<div class=\"wp-block-columns are-vertically-aligned-center is-layout-flex wp-container-core-columns-is-layout-9d6595d7 wp-block-columns-is-layout-flex\">\n<div class=\"wp-block-column is-vertically-aligned-center is-layout-flow wp-block-column-is-layout-flow\" style=\"flex-basis:100%\">\n<div class=\"wp-block-group is-vertical is-layout-flex wp-container-core-group-is-layout-8cf370e7 wp-block-group-is-layout-flex\">\n<p>AVST\u00c5ND<\/p>\n\n\n\n<p>Golfbana (Roda Golf): 1km<\/p>\n\n\n\n<p>Strand: 2Km<\/p>\n\n\n\n<p>Dos Mares shoppingcenter: 15 minuter<\/p>\n\n\n\n<p>K\u00f6pcentret La Zenia Bouolevard: 20 minuter<\/p>\n\n\n\n<p>Corvera flygplats (Murcia): 40 minuter<\/p>\n\n\n\n<p>Alicante flygplats: 50 minuter<\/p>\n<\/div>\n<\/div>\n<\/div>\n\n<p><\/p>\n","protected":false},"excerpt":{"rendered":"<p>Vi presenterar detta charmiga parhus i Roda. Den \u00e4r f\u00f6rdelad p\u00e5 2 v\u00e5ningar och ett solarium. Den har ett vardagsrum med matsal, k\u00f6k med \u00f6ppen planl\u00f6sning, 2 sovrum, ett komplett badrum, en toalett, en stor terrass p\u00e5 40m2 med tillr\u00e4ckligt med utrymme f\u00f6r att parkera ett fordon och ett solarium. P\u00e5 f\u00f6rsta v\u00e5ningen finns vardagsrummet [&hellip;]<\/p>\n","protected":false},"author":3,"featured_media":3982,"parent":0,"menu_order":0,"template":"","property_type":[],"property_status":[93],"property_feature":[89],"property_label":[],"property_country":[],"property_state":[91],"property_city":[104],"property_area":[],"class_list":["post-4221","property","type-property","status-publish","has-post-thumbnail","hentry","property_status-till-salu","property_feature-simbassang","property_state-regionen-murcia","property_city-san-javier-sv"],"property_meta":{"fave_featured":["0"],"houzez_featured_listing_date":[""],"fave_property_images":["3977","3785","3983","4031","4049","4043","4037","4055","3815","4067","4079","4206","4115","4121","4103","4097","4091","4127","4085","4109","4025","4169","4181","4157","4151","4139","4133","4019","4001","4013","4194","4200"],"fave_single_top_area":["global"],"_top_nav_excluded":[""],"_cms_nav_minihome":[""],"houzez_geolocation_lat":["37.7713415"],"houzez_geolocation_long":["-0.8596869"],"_last_translation_edit_mode":["translation-editor"],"_thumbnail_id":["3982"],"fave_property_price":["145900"],"fave_property_size":["90"],"fave_property_land":["100"],"fave_property_bedrooms":["2"],"fave_property_bathrooms":["2"],"fave_property_id":["3017MH"],"fave_property_map":["1"],"fave_property_map_address":["Roda, Avenida Marqu\u00e9s de Rozalejo, El Lugarico, Roda, San Javier, Campo de Cartagena y Mar Menor, Regi\u00f3n de Murcia, 32000, Spanien"],"fave_property_location":["37.7713415,-0.8596869,15"],"fave_property_map_street_view":["g\u00f6mma"],"fave_property_zip":["30730"],"fave_video_url":["https:\/\/youtu.be\/hkZSF_2sN_U?si=edbhT7JkcR2x8cyU"],"fave_agent_display_option":["none"],"fave_prop_homeslider":["ja"],"fave_private_note":["WILLEM Infanta Cristina 44 Roda IBI 153\u20ac Cominudad 107 quarter 3% provision  "],"fave_energy_class":["G"],"fave_energy_global_index":["56"],"houzez_manual_expire":["0"],"_houzez_expiration_date_status":["saved"],"_wpml_word_count":["{\"total\":212,\"to_translate\":{\"en\":212,\"fr\":212,\"de\":212,\"es\":212}}"],"houzez_total_property_views":["143"],"houzez_views_by_date":["a:61:{s:10:\"07-22-2025\";i:1;s:10:\"07-24-2025\";i:2;s:10:\"07-29-2025\";i:1;s:10:\"08-04-2025\";i:1;s:10:\"08-21-2025\";i:2;s:10:\"08-24-2025\";i:1;s:10:\"08-26-2025\";i:1;s:10:\"08-30-2025\";i:4;s:10:\"08-31-2025\";i:1;s:10:\"09-07-2025\";i:1;s:10:\"09-12-2025\";i:1;s:10:\"09-13-2025\";i:1;s:10:\"09-15-2025\";i:1;s:10:\"09-18-2025\";i:1;s:10:\"09-23-2025\";i:1;s:10:\"09-24-2025\";i:1;s:10:\"09-29-2025\";i:1;s:10:\"10-03-2025\";i:1;s:10:\"10-05-2025\";i:1;s:10:\"10-12-2025\";i:1;s:10:\"10-13-2025\";i:2;s:10:\"10-18-2025\";i:1;s:10:\"10-21-2025\";i:1;s:10:\"11-15-2025\";i:2;s:10:\"11-18-2025\";i:1;s:10:\"11-19-2025\";i:1;s:10:\"12-07-2025\";i:1;s:10:\"12-09-2025\";i:1;s:10:\"12-13-2025\";i:1;s:10:\"12-14-2025\";i:1;s:10:\"12-19-2025\";i:1;s:10:\"12-20-2025\";i:1;s:10:\"12-21-2025\";i:1;s:10:\"12-31-2025\";i:1;s:10:\"01-03-2026\";i:1;s:10:\"01-08-2026\";i:1;s:10:\"01-12-2026\";i:2;s:10:\"01-15-2026\";i:1;s:10:\"01-20-2026\";i:1;s:10:\"01-26-2026\";i:1;s:10:\"01-31-2026\";i:1;s:10:\"02-03-2026\";i:1;s:10:\"02-05-2026\";i:1;s:10:\"02-12-2026\";i:1;s:10:\"02-15-2026\";i:1;s:10:\"02-19-2026\";i:1;s:10:\"03-02-2026\";i:1;s:10:\"03-04-2026\";i:1;s:10:\"03-10-2026\";i:1;s:10:\"03-11-2026\";i:2;s:10:\"03-12-2026\";i:1;s:10:\"03-17-2026\";i:1;s:10:\"03-19-2026\";i:1;s:10:\"03-22-2026\";i:1;s:10:\"03-30-2026\";i:1;s:10:\"04-03-2026\";i:1;s:10:\"04-10-2026\";i:1;s:10:\"04-15-2026\";i:1;s:10:\"04-20-2026\";i:3;s:10:\"04-25-2026\";i:2;s:10:\"04-28-2026\";i:4;}"],"houzez_recently_viewed":["2026-04-28 20:14:31"],"_elementor_page_assets":["a:0:{}"]},"_links":{"self":[{"href":"https:\/\/myhomeproperty.es\/sv\/wp-json\/wp\/v2\/properties\/4221","targetHints":{"allow":["GET"]}}],"collection":[{"href":"https:\/\/myhomeproperty.es\/sv\/wp-json\/wp\/v2\/properties"}],"about":[{"href":"https:\/\/myhomeproperty.es\/sv\/wp-json\/wp\/v2\/types\/property"}],"author":[{"embeddable":true,"href":"https:\/\/myhomeproperty.es\/sv\/wp-json\/wp\/v2\/users\/3"}],"version-history":[{"count":2,"href":"https:\/\/myhomeproperty.es\/sv\/wp-json\/wp\/v2\/properties\/4221\/revisions"}],"predecessor-version":[{"id":4224,"href":"https:\/\/myhomeproperty.es\/sv\/wp-json\/wp\/v2\/properties\/4221\/revisions\/4224"}],"wp:featuredmedia":[{"embeddable":true,"href":"https:\/\/myhomeproperty.es\/sv\/wp-json\/wp\/v2\/media\/3982"}],"wp:attachment":[{"href":"https:\/\/myhomeproperty.es\/sv\/wp-json\/wp\/v2\/media?parent=4221"}],"wp:term":[{"taxonomy":"property_type","embeddable":true,"href":"https:\/\/myhomeproperty.es\/sv\/wp-json\/wp\/v2\/property_type?post=4221"},{"taxonomy":"property_status","embeddable":true,"href":"https:\/\/myhomeproperty.es\/sv\/wp-json\/wp\/v2\/property_status?post=4221"},{"taxonomy":"property_feature","embeddable":true,"href":"https:\/\/myhomeproperty.es\/sv\/wp-json\/wp\/v2\/property_feature?post=4221"},{"taxonomy":"property_label","embeddable":true,"href":"https:\/\/myhomeproperty.es\/sv\/wp-json\/wp\/v2\/property_label?post=4221"},{"taxonomy":"property_country","embeddable":true,"href":"https:\/\/myhomeproperty.es\/sv\/wp-json\/wp\/v2\/property_country?post=4221"},{"taxonomy":"property_state","embeddable":true,"href":"https:\/\/myhomeproperty.es\/sv\/wp-json\/wp\/v2\/property_state?post=4221"},{"taxonomy":"property_city","embeddable":true,"href":"https:\/\/myhomeproperty.es\/sv\/wp-json\/wp\/v2\/property_city?post=4221"},{"taxonomy":"property_area","embeddable":true,"href":"https:\/\/myhomeproperty.es\/sv\/wp-json\/wp\/v2\/property_area?post=4221"}],"curies":[{"name":"wp","href":"https:\/\/api.w.org\/{rel}","templated":true}]}}

<p>Vi presenterar detta charmiga parhus i Roda.</p>

<p>Den är fördelad på 2 våningar och ett solarium. Den har ett vardagsrum med matsal, kök med öppen planlösning, 2 sovrum, ett komplett badrum, en toalett, en stor terrass på 40m2 med tillräckligt med utrymme för att parkera ett fordon och ett solarium.</p>

<p>På första våningen finns vardagsrummet med matsal, kök och toalett. På första våningen finns två sovrum och ett helt renoverat badrum.</p>

<p>Det har en gemensam andalusisk uteplats, nås genom bakdörren, som kan användas för personligt bruk, samt en gemensam pool och solarium med vacker utsikt.</p>

<p>Beläget i Señorio de Roda, bara 1,5 km från Los Alcazares, en charmig kuststad vid Mar Menor, i ett lugnt område men samtidigt nära alla bekvämligheter, stormarknader, restauranger, barer, skolor och vårdcentraler.</p>

<div class="wp-block-columns are-vertically-aligned-center is-layout-flex wp-container-core-columns-is-layout-9d6595d7 wp-block-columns-is-layout-flex">
<div class="wp-block-column is-vertically-aligned-center is-layout-flow wp-block-column-is-layout-flow" style="flex-basis:100%">
<div class="wp-block-group is-vertical is-layout-flex wp-container-core-group-is-layout-8cf370e7 wp-block-group-is-layout-flex">
<p>AVSTÅND</p>



<p>Golfbana (Roda Golf): 1km</p>



<p>Strand: 2Km</p>



<p>Dos Mares shoppingcenter: 15 minuter</p>



<p>Köpcentret La Zenia Bouolevard: 20 minuter</p>



<p>Corvera flygplats (Murcia): 40 minuter</p>



<p>Alicante flygplats: 50 minuter</p>
</div>
</div>
</div>

<p></p>

<p>Vi presenterar detta charmiga parhus i Roda. Den är fördelad på 2 våningar och ett solarium. Den har ett vardagsrum med matsal, kök med öppen planlösning, 2 sovrum, ett komplett badrum, en toalett, en stor terrass på 40m2 med tillräckligt med utrymme för att parkera ett fordon och ett solarium. På första våningen finns vardagsrummet [&hellip;]</p>

Roda, Avenida Marqués de Rozalejo, El Lugarico, Roda, San Javier, Campo de Cartagena y Mar Menor, Región de Murcia, 32000, Spanien

gömma
