{"id":4864,"date":"2024-09-11T16:20:36","date_gmt":"2024-09-11T16:20:36","guid":{"rendered":"https:\/\/myhomeproperty.es\/property\/radhus-pa-bottenvaningen-i-san-javier\/"},"modified":"2024-10-16T14:53:51","modified_gmt":"2024-10-16T14:53:51","slug":"radhus-pa-bottenvaningen-i-san-javier","status":"publish","type":"property","link":"https:\/\/myhomeproperty.es\/sv\/property\/radhus-pa-bottenvaningen-i-san-javier\/","title":{"rendered":"Radhus p\u00e5 bottenv\u00e5ningen i San Javier"},"content":{"rendered":"\n<p>Vi presenterar denna charmiga l\u00e4genhet p\u00e5 bottenv\u00e5ningen i ett centralt omr\u00e5de i San Javier.  <\/p>\n\n<p>Sj\u00e4lva fastigheten har ett vardagsrum \/ matsal, 2 sovrum, 1 helrenoverat badrum, en stor terrass p\u00e5 framsidan och uteplats p\u00e5 baksidan.\nDet har ocks\u00e5 ett tredje sovrum med eget badrum delvis renoverat p\u00e5 \u00f6verv\u00e5ningen med tillg\u00e5ng via extern trappa bel\u00e4gen i tr\u00e4dg\u00e5rden.\nDet har ocks\u00e5 ett stort solarium.    <\/p>\n\n<p>Fastigheten \u00e4r i perfekt skick, eftersom den delvis har renoverats, med ny VVS-installation och fullst\u00e4ndig renovering av badrummen.\nDet \u00e4r en fastighet som erbjuder m\u00e5nga alternativ, eftersom den har utomhusutrymmen som till\u00e5ter olika anv\u00e4ndningsm\u00f6jligheter.\nBel\u00e4get i ett lugnt och centralt omr\u00e5de, n\u00e4ra skolor, h\u00f6gskolor, stormarknader och alla tj\u00e4nster.\nPerfekt som bostad, men ocks\u00e5 som fritidshus, eftersom det har str\u00e4nderna i Mar Menor inom g\u00e5ngavst\u00e5nd.   <\/p>\n\n<p><\/p>\n\n<div class=\"wp-block-buttons is-content-justification-left is-layout-flex wp-container-core-buttons-is-layout-16165478 wp-block-buttons-is-layout-flex\">\n<div class=\"wp-block-button is-style-fill\"><a class=\"wp-block-button__link wp-element-button\">Intressanta platser:<\/a><\/div>\n<\/div>\n\n<ul class=\"wp-block-list\">\n<li>Strand: 3 km<\/li>\n\n\n\n<li>Dos Mares shoppingcenter: 5 minuter<\/li>\n\n\n\n<li>K\u00f6pcentret La Zenia Boulevard: 20 minuter<\/li>\n\n\n\n<li>T\u00e5gstation: 15 minuter<\/li>\n\n\n\n<li>Murcia flygplats (Corvera): 30<\/li>\n\n\n\n<li>Alicante flygplats: 1 timme<\/li>\n<\/ul>\n\n<p><\/p>\n","protected":false},"excerpt":{"rendered":"<p>Vi presenterar denna charmiga l\u00e4genhet p\u00e5 bottenv\u00e5ningen i ett centralt omr\u00e5de i San Javier. Sj\u00e4lva fastigheten har ett vardagsrum \/ matsal, 2 sovrum, 1 helrenoverat badrum, en stor terrass p\u00e5 framsidan och uteplats p\u00e5 baksidan. Det har ocks\u00e5 ett tredje sovrum med eget badrum delvis renoverat p\u00e5 \u00f6verv\u00e5ningen med tillg\u00e5ng via extern trappa bel\u00e4gen i [&hellip;]<\/p>\n","protected":false},"author":3,"featured_media":4704,"parent":0,"menu_order":0,"template":"","property_type":[124],"property_status":[93],"property_feature":[],"property_label":[],"property_country":[101],"property_state":[91],"property_city":[104],"property_area":[],"class_list":["post-4864","property","type-property","status-publish","has-post-thumbnail","hentry","property_type-hus","property_status-till-salu","property_country-spanien","property_state-regionen-murcia","property_city-san-javier-sv"],"property_meta":{"fave_featured":["0"],"houzez_featured_listing_date":[""],"fave_property_images":["4699","4705","4711","4717","4723","4729","4783","4795","4741","4735","4747","4753","4759","4765","4825","4831","4837","4849","4771","4777","4843","4801","4807","4813","4819"],"fave_single_top_area":["global"],"_top_nav_excluded":[""],"_cms_nav_minihome":[""],"houzez_geolocation_lat":["37.8059567"],"houzez_geolocation_long":["-0.8345537"],"_thumbnail_id":["4704"],"_last_translation_edit_mode":["translation-editor"],"houzez_manual_expire":["0"],"_houzez_expiration_date_status":["saved"],"fave_property_price":["139000"],"fave_property_size":["65"],"fave_property_land":["110"],"fave_property_bedrooms":["3"],"fave_property_bathrooms":["2"],"fave_property_id":["3019MH"],"fave_property_map_address":["San Javier, Campo de Cartagena och Mar Menor, regionen Murcia, Spanien"],"fave_property_location":["37.8059567,-0.8345537,12"],"fave_property_map_street_view":["g\u00f6mma"],"fave_property_zip":["30730"],"fave_agent_display_option":["f\u00f6rfattare_info"],"fave_prop_homeslider":["nej"],"fave_private_note":["Paula 691 31 34 32 - Julio 633 47 35 13 Coronel Fern\u00e1ndez Tudela 57 Piden 130.000\u20ac N\u00famro de Finca 27836  "],"_wpml_word_count":["{\"total\":213,\"to_translate\":{\"en\":213,\"fr\":213,\"de\":213,\"es\":213}}"],"houzez_total_property_views":["133"],"houzez_views_by_date":["a:61:{s:10:\"06-06-2025\";i:1;s:10:\"06-13-2025\";i:1;s:10:\"06-15-2025\";i:2;s:10:\"07-01-2025\";i:2;s:10:\"07-04-2025\";i:1;s:10:\"07-13-2025\";i:1;s:10:\"07-14-2025\";i:2;s:10:\"07-17-2025\";i:1;s:10:\"07-22-2025\";i:1;s:10:\"07-29-2025\";i:1;s:10:\"07-30-2025\";i:1;s:10:\"08-04-2025\";i:1;s:10:\"08-15-2025\";i:1;s:10:\"08-23-2025\";i:2;s:10:\"08-24-2025\";i:1;s:10:\"08-30-2025\";i:2;s:10:\"08-31-2025\";i:1;s:10:\"09-06-2025\";i:3;s:10:\"09-07-2025\";i:9;s:10:\"09-13-2025\";i:1;s:10:\"09-17-2025\";i:1;s:10:\"09-18-2025\";i:1;s:10:\"09-22-2025\";i:1;s:10:\"09-24-2025\";i:1;s:10:\"09-29-2025\";i:1;s:10:\"10-05-2025\";i:1;s:10:\"10-06-2025\";i:2;s:10:\"10-12-2025\";i:1;s:10:\"10-15-2025\";i:2;s:10:\"10-18-2025\";i:1;s:10:\"10-23-2025\";i:1;s:10:\"11-03-2025\";i:1;s:10:\"11-19-2025\";i:1;s:10:\"12-02-2025\";i:1;s:10:\"12-06-2025\";i:1;s:10:\"12-22-2025\";i:1;s:10:\"01-02-2026\";i:2;s:10:\"01-08-2026\";i:1;s:10:\"01-12-2026\";i:2;s:10:\"01-20-2026\";i:1;s:10:\"01-25-2026\";i:1;s:10:\"01-31-2026\";i:2;s:10:\"02-05-2026\";i:1;s:10:\"02-13-2026\";i:1;s:10:\"02-16-2026\";i:1;s:10:\"02-19-2026\";i:1;s:10:\"02-28-2026\";i:1;s:10:\"03-05-2026\";i:1;s:10:\"03-11-2026\";i:2;s:10:\"03-16-2026\";i:2;s:10:\"03-17-2026\";i:1;s:10:\"03-18-2026\";i:1;s:10:\"03-23-2026\";i:1;s:10:\"03-29-2026\";i:1;s:10:\"04-01-2026\";i:1;s:10:\"04-04-2026\";i:1;s:10:\"04-10-2026\";i:1;s:10:\"04-15-2026\";i:2;s:10:\"04-20-2026\";i:1;s:10:\"04-22-2026\";i:2;s:10:\"04-28-2026\";i:1;}"],"houzez_recently_viewed":["2026-04-28 19:08:14"],"_elementor_page_assets":["a:0:{}"]},"_links":{"self":[{"href":"https:\/\/myhomeproperty.es\/sv\/wp-json\/wp\/v2\/properties\/4864","targetHints":{"allow":["GET"]}}],"collection":[{"href":"https:\/\/myhomeproperty.es\/sv\/wp-json\/wp\/v2\/properties"}],"about":[{"href":"https:\/\/myhomeproperty.es\/sv\/wp-json\/wp\/v2\/types\/property"}],"author":[{"embeddable":true,"href":"https:\/\/myhomeproperty.es\/sv\/wp-json\/wp\/v2\/users\/3"}],"version-history":[{"count":1,"href":"https:\/\/myhomeproperty.es\/sv\/wp-json\/wp\/v2\/properties\/4864\/revisions"}],"predecessor-version":[{"id":4865,"href":"https:\/\/myhomeproperty.es\/sv\/wp-json\/wp\/v2\/properties\/4864\/revisions\/4865"}],"wp:featuredmedia":[{"embeddable":true,"href":"https:\/\/myhomeproperty.es\/sv\/wp-json\/wp\/v2\/media\/4704"}],"wp:attachment":[{"href":"https:\/\/myhomeproperty.es\/sv\/wp-json\/wp\/v2\/media?parent=4864"}],"wp:term":[{"taxonomy":"property_type","embeddable":true,"href":"https:\/\/myhomeproperty.es\/sv\/wp-json\/wp\/v2\/property_type?post=4864"},{"taxonomy":"property_status","embeddable":true,"href":"https:\/\/myhomeproperty.es\/sv\/wp-json\/wp\/v2\/property_status?post=4864"},{"taxonomy":"property_feature","embeddable":true,"href":"https:\/\/myhomeproperty.es\/sv\/wp-json\/wp\/v2\/property_feature?post=4864"},{"taxonomy":"property_label","embeddable":true,"href":"https:\/\/myhomeproperty.es\/sv\/wp-json\/wp\/v2\/property_label?post=4864"},{"taxonomy":"property_country","embeddable":true,"href":"https:\/\/myhomeproperty.es\/sv\/wp-json\/wp\/v2\/property_country?post=4864"},{"taxonomy":"property_state","embeddable":true,"href":"https:\/\/myhomeproperty.es\/sv\/wp-json\/wp\/v2\/property_state?post=4864"},{"taxonomy":"property_city","embeddable":true,"href":"https:\/\/myhomeproperty.es\/sv\/wp-json\/wp\/v2\/property_city?post=4864"},{"taxonomy":"property_area","embeddable":true,"href":"https:\/\/myhomeproperty.es\/sv\/wp-json\/wp\/v2\/property_area?post=4864"}],"curies":[{"name":"wp","href":"https:\/\/api.w.org\/{rel}","templated":true}]}}

Radhus på bottenvåningen i San Javier

<p>Vi presenterar denna charmiga lägenhet på bottenvåningen i ett centralt område i San Javier.  </p>

<p>Själva fastigheten har ett vardagsrum / matsal, 2 sovrum, 1 helrenoverat badrum, en stor terrass på framsidan och uteplats på baksidan.
Det har också ett tredje sovrum med eget badrum delvis renoverat på övervåningen med tillgång via extern trappa belägen i trädgården.
Det har också ett stort solarium.    </p>

<p>Fastigheten är i perfekt skick, eftersom den delvis har renoverats, med ny VVS-installation och fullständig renovering av badrummen.
Det är en fastighet som erbjuder många alternativ, eftersom den har utomhusutrymmen som tillåter olika användningsmöjligheter.
Beläget i ett lugnt och centralt område, nära skolor, högskolor, stormarknader och alla tjänster.
Perfekt som bostad, men också som fritidshus, eftersom det har stränderna i Mar Menor inom gångavstånd.   </p>

<p></p>

<div class="wp-block-buttons is-content-justification-left is-layout-flex wp-container-core-buttons-is-layout-16165478 wp-block-buttons-is-layout-flex">
<div class="wp-block-button is-style-fill"><a class="wp-block-button__link wp-element-button">Intressanta platser:</a></div>
</div>

<ul class="wp-block-list">
<li>Strand: 3 km</li>



<li>Dos Mares shoppingcenter: 5 minuter</li>



<li>Köpcentret La Zenia Boulevard: 20 minuter</li>



<li>Tågstation: 15 minuter</li>



<li>Murcia flygplats (Corvera): 30</li>



<li>Alicante flygplats: 1 timme</li>
</ul>

<p></p>

<p>Vi presenterar denna charmiga lägenhet på bottenvåningen i ett centralt område i San Javier. Själva fastigheten har ett vardagsrum / matsal, 2 sovrum, 1 helrenoverat badrum, en stor terrass på framsidan och uteplats på baksidan. Det har också ett tredje sovrum med eget badrum delvis renoverat på övervåningen med tillgång via extern trappa belägen i [&hellip;]</p>

gömma

författare_info

Paula 691 31 34 32 - Julio 633 47 35 13 Coronel Fernández Tudela 57 Piden 130.000€ Númro de Finca 27836
