{"id":5167,"date":"2024-09-25T17:08:59","date_gmt":"2024-09-25T17:08:59","guid":{"rendered":"https:\/\/myhomeproperty.es\/property\/parhus-i-nybyggnation-i-san-javier\/"},"modified":"2024-11-29T10:51:00","modified_gmt":"2024-11-29T10:51:00","slug":"parhus-i-nybyggnation-i-san-javier","status":"publish","type":"property","link":"https:\/\/myhomeproperty.es\/sv\/property\/parhus-i-nybyggnation-i-san-javier\/","title":{"rendered":"Parhus i nybyggnation i San Javier"},"content":{"rendered":"\n<p>Vi presenterar detta komplex som best\u00e5r av 8 parhus, med privat pool, terrassomr\u00e5de och privat solarium i varje hus.<\/p>\n\n<p>Fastigheterna har 3 sovrum och 2 badrum och \u00e4r utformade i modern stil med en \u00f6ppen planl\u00f6sning som best\u00e5r av ett fullt utrustat k\u00f6k och ett vardagsrum med matsal.<\/p>\n\n<p>Anl\u00e4ggningen ligger i San Javier, Murcia, omgiven av alla tj\u00e4nster, sportanl\u00e4ggningar, n\u00e4ra flera golfbanor och 5 minuter fr\u00e5n str\u00e4nderna i Mar Menor och 10 minuter fr\u00e5n Medelhavet.<\/p>\n\n<p>Bost\u00e4derna kommer att uppfylla de h\u00f6gsta standarderna och kommer att inneh\u00e5lla:<\/p>\n\n<ul class=\"wp-block-list\">\n<li>Privat pool med utomhusdusch.<\/li>\n\n\n\n<li>Fullt utrustat k\u00f6k med ugn, mikrov\u00e5gsugn, integrerad diskmaskin, kylsk\u00e5p, keramikh\u00e4ll och fl\u00e4ktk\u00e5pa.<\/li>\n\n\n\n<li>LED-belysning: inne i huset (matsal, k\u00f6k, korridorer och badrum), samt i utomhusomr\u00e5den.<\/li>\n\n\n\n<li>Inbyggda garderober med l\u00e5dinredning.<\/li>\n\n\n\n<li>Fullt utrustade badrum med handfat, toalett, spegel med belysning, dusch och avsk\u00e4rmningar.<\/li>\n\n\n\n<li>F\u00f6rinstallation av kanaliserad luftkonditionering.<\/li>\n\n\n\n<li>Konstgr\u00e4s i tr\u00e4dg\u00e5rden.<\/li>\n\n\n\n<li>Sommark\u00f6k med 3 enheter i solarium, med f\u00f6rinstallation f\u00f6r tv\u00e4ttmaskin och uttag.<\/li>\n<\/ul>\n\n<p>Vi ger dig g\u00e4rna alla detaljer och bokar in ett bes\u00f6k.<\/p>\n\n<div class=\"wp-block-group\"><div class=\"wp-block-group__inner-container is-layout-constrained wp-block-group-is-layout-constrained\">\n<p><br\/><br\/><br\/><br\/><br\/><br\/>Avst\u00e5nd: Mar Menor Beach: 3km Mar Mediterraneo: 10 minuter Dos Mares Shopping Centre: 5 La Zenia Boulevard Shopping Centre: 20 minuter Murcia Corvera Airport: 30 minuter Alicante Airport: 1 timme<\/p>\n<\/div><\/div>\n\n<p><\/p>\n","protected":false},"excerpt":{"rendered":"<p>Vi presenterar detta komplex som best\u00e5r av 8 parhus, med privat pool, terrassomr\u00e5de och privat solarium i varje hus. Fastigheterna har 3 sovrum och 2 badrum och \u00e4r utformade i modern stil med en \u00f6ppen planl\u00f6sning som best\u00e5r av ett fullt utrustat k\u00f6k och ett vardagsrum med matsal. Anl\u00e4ggningen ligger i San Javier, Murcia, omgiven [&hellip;]<\/p>\n","protected":false},"author":3,"featured_media":8536,"parent":0,"menu_order":0,"template":"","property_type":[136],"property_status":[93],"property_feature":[89],"property_label":[],"property_country":[101],"property_state":[91],"property_city":[104],"property_area":[],"class_list":["post-5167","property","type-property","status-publish","has-post-thumbnail","hentry","property_type-parhus","property_status-till-salu","property_feature-simbassang","property_country-spanien","property_state-regionen-murcia","property_city-san-javier-sv"],"property_meta":{"fave_featured":["1"],"houzez_featured_listing_date":["2024-09-25 17:09:08"],"fave_property_images":["5038","5026","5032","4906","5020","5014","4918","5044","5050","4912","5074","5080","5062","5068","4924","4930","4936","4978","4984","4972","4966","4960","4948","4942","4954","5008","5002","4996","4990","5092","5110","5098","5086","5104","5116","5122"],"fave_single_top_area":["global"],"_top_nav_excluded":[""],"_cms_nav_minihome":[""],"houzez_geolocation_lat":["37.8096655"],"houzez_geolocation_long":["-0.8219942"],"_thumbnail_id":["8536"],"_last_translation_edit_mode":["translation-editor"],"houzez_manual_expire":["0"],"_houzez_expiration_date_status":["saved"],"_wpml_word_count":["{\"total\":235,\"to_translate\":{\"en\":235,\"fr\":235,\"de\":235,\"es\":235}}"],"houzez_total_property_views":["124"],"houzez_views_by_date":["a:61:{s:10:\"05-21-2025\";i:2;s:10:\"05-29-2025\";i:2;s:10:\"06-03-2025\";i:1;s:10:\"06-10-2025\";i:1;s:10:\"06-23-2025\";i:1;s:10:\"06-29-2025\";i:1;s:10:\"07-10-2025\";i:1;s:10:\"07-14-2025\";i:2;s:10:\"07-17-2025\";i:1;s:10:\"07-23-2025\";i:2;s:10:\"07-25-2025\";i:1;s:10:\"07-31-2025\";i:1;s:10:\"08-08-2025\";i:2;s:10:\"08-20-2025\";i:1;s:10:\"08-25-2025\";i:1;s:10:\"08-30-2025\";i:2;s:10:\"09-03-2025\";i:1;s:10:\"09-08-2025\";i:1;s:10:\"09-12-2025\";i:1;s:10:\"09-13-2025\";i:1;s:10:\"09-18-2025\";i:1;s:10:\"09-19-2025\";i:2;s:10:\"09-23-2025\";i:1;s:10:\"09-26-2025\";i:1;s:10:\"09-27-2025\";i:2;s:10:\"09-28-2025\";i:1;s:10:\"10-04-2025\";i:1;s:10:\"10-09-2025\";i:1;s:10:\"10-16-2025\";i:1;s:10:\"10-22-2025\";i:2;s:10:\"11-19-2025\";i:1;s:10:\"12-08-2025\";i:1;s:10:\"12-14-2025\";i:1;s:10:\"12-18-2025\";i:1;s:10:\"12-24-2025\";i:1;s:10:\"12-27-2025\";i:1;s:10:\"01-02-2026\";i:1;s:10:\"01-08-2026\";i:1;s:10:\"01-12-2026\";i:3;s:10:\"01-30-2026\";i:1;s:10:\"02-05-2026\";i:1;s:10:\"02-06-2026\";i:1;s:10:\"02-13-2026\";i:1;s:10:\"02-18-2026\";i:1;s:10:\"02-20-2026\";i:1;s:10:\"02-24-2026\";i:1;s:10:\"02-25-2026\";i:1;s:10:\"02-26-2026\";i:1;s:10:\"03-11-2026\";i:2;s:10:\"03-14-2026\";i:1;s:10:\"03-15-2026\";i:1;s:10:\"03-21-2026\";i:1;s:10:\"03-26-2026\";i:1;s:10:\"03-31-2026\";i:1;s:10:\"04-07-2026\";i:1;s:10:\"04-10-2026\";i:1;s:10:\"04-12-2026\";i:2;s:10:\"04-17-2026\";i:1;s:10:\"04-22-2026\";i:1;s:10:\"04-27-2026\";i:1;s:10:\"04-28-2026\";i:2;}"],"houzez_recently_viewed":["2026-04-28 23:06:46"],"fave_property_price":["245900"],"fave_property_size":["126"],"fave_property_bedrooms":["3"],"fave_property_bathrooms":["2"],"fave_property_id":["3020MHC"],"fave_property_map_address":["San Javier, Campo de Cartagena och Mar Menor, regionen Murcia, Spanien"],"fave_property_location":["37.8096655,-0.8219942,15"],"fave_property_map_street_view":["g\u00f6mma"],"fave_property_zip":["30730"],"fave_video_url":["https:\/\/youtu.be\/Xk0Y7N-iFrQ?si=Kmualw509wFGIei4"],"fave_agent_display_option":["none"],"fave_prop_homeslider":["ja"],"fave_private_note":["Residencial Carmen III San Javer Torkas Street"],"floor_plans":["a:2:{i:0;a:2:{s:15:\"fave_plan_title\";s:4:\"Tomt\";s:15:\"fave_plan_image\";s:70:\"https:\/\/myhomeproperty.es\/wp-content\/uploads\/2024\/09\/Plot-Carmen-3.jpg\";}i:1;a:1:{s:15:\"fave_plan_image\";s:69:\"https:\/\/myhomeproperty.es\/wp-content\/uploads\/2024\/09\/Vivenda-2468.jpg\";}}"],"_elementor_page_assets":["a:0:{}"]},"_links":{"self":[{"href":"https:\/\/myhomeproperty.es\/sv\/wp-json\/wp\/v2\/properties\/5167","targetHints":{"allow":["GET"]}}],"collection":[{"href":"https:\/\/myhomeproperty.es\/sv\/wp-json\/wp\/v2\/properties"}],"about":[{"href":"https:\/\/myhomeproperty.es\/sv\/wp-json\/wp\/v2\/types\/property"}],"author":[{"embeddable":true,"href":"https:\/\/myhomeproperty.es\/sv\/wp-json\/wp\/v2\/users\/3"}],"version-history":[{"count":1,"href":"https:\/\/myhomeproperty.es\/sv\/wp-json\/wp\/v2\/properties\/5167\/revisions"}],"predecessor-version":[{"id":5168,"href":"https:\/\/myhomeproperty.es\/sv\/wp-json\/wp\/v2\/properties\/5167\/revisions\/5168"}],"wp:featuredmedia":[{"embeddable":true,"href":"https:\/\/myhomeproperty.es\/sv\/wp-json\/wp\/v2\/media\/8536"}],"wp:attachment":[{"href":"https:\/\/myhomeproperty.es\/sv\/wp-json\/wp\/v2\/media?parent=5167"}],"wp:term":[{"taxonomy":"property_type","embeddable":true,"href":"https:\/\/myhomeproperty.es\/sv\/wp-json\/wp\/v2\/property_type?post=5167"},{"taxonomy":"property_status","embeddable":true,"href":"https:\/\/myhomeproperty.es\/sv\/wp-json\/wp\/v2\/property_status?post=5167"},{"taxonomy":"property_feature","embeddable":true,"href":"https:\/\/myhomeproperty.es\/sv\/wp-json\/wp\/v2\/property_feature?post=5167"},{"taxonomy":"property_label","embeddable":true,"href":"https:\/\/myhomeproperty.es\/sv\/wp-json\/wp\/v2\/property_label?post=5167"},{"taxonomy":"property_country","embeddable":true,"href":"https:\/\/myhomeproperty.es\/sv\/wp-json\/wp\/v2\/property_country?post=5167"},{"taxonomy":"property_state","embeddable":true,"href":"https:\/\/myhomeproperty.es\/sv\/wp-json\/wp\/v2\/property_state?post=5167"},{"taxonomy":"property_city","embeddable":true,"href":"https:\/\/myhomeproperty.es\/sv\/wp-json\/wp\/v2\/property_city?post=5167"},{"taxonomy":"property_area","embeddable":true,"href":"https:\/\/myhomeproperty.es\/sv\/wp-json\/wp\/v2\/property_area?post=5167"}],"curies":[{"name":"wp","href":"https:\/\/api.w.org\/{rel}","templated":true}]}}

<p>Vi presenterar detta komplex som består av 8 parhus, med privat pool, terrassområde och privat solarium i varje hus.</p>

<p>Fastigheterna har 3 sovrum och 2 badrum och är utformade i modern stil med en öppen planlösning som består av ett fullt utrustat kök och ett vardagsrum med matsal.</p>

<p>Anläggningen ligger i San Javier, Murcia, omgiven av alla tjänster, sportanläggningar, nära flera golfbanor och 5 minuter från stränderna i Mar Menor och 10 minuter från Medelhavet.</p>

<p>Bostäderna kommer att uppfylla de högsta standarderna och kommer att innehålla:</p>

<ul class="wp-block-list">
<li>Privat pool med utomhusdusch.</li>



<li>Fullt utrustat kök med ugn, mikrovågsugn, integrerad diskmaskin, kylskåp, keramikhäll och fläktkåpa.</li>



<li>LED-belysning: inne i huset (matsal, kök, korridorer och badrum), samt i utomhusområden.</li>



<li>Inbyggda garderober med lådinredning.</li>



<li>Fullt utrustade badrum med handfat, toalett, spegel med belysning, dusch och avskärmningar.</li>



<li>Förinstallation av kanaliserad luftkonditionering.</li>



<li>Konstgräs i trädgården.</li>



<li>Sommarkök med 3 enheter i solarium, med förinstallation för tvättmaskin och uttag.</li>
</ul>

<p>Vi ger dig gärna alla detaljer och bokar in ett besök.</p>

<div class="wp-block-group"><div class="wp-block-group__inner-container is-layout-constrained wp-block-group-is-layout-constrained">
<p><br/><br/><br/><br/><br/><br/>Avstånd: Mar Menor Beach: 3km Mar Mediterraneo: 10 minuter Dos Mares Shopping Centre: 5 La Zenia Boulevard Shopping Centre: 20 minuter Murcia Corvera Airport: 30 minuter Alicante Airport: 1 timme</p>
</div></div>

<p></p>

<p>Vi presenterar detta komplex som består av 8 parhus, med privat pool, terrassområde och privat solarium i varje hus. Fastigheterna har 3 sovrum och 2 badrum och är utformade i modern stil med en öppen planlösning som består av ett fullt utrustat kök och ett vardagsrum med matsal. Anläggningen ligger i San Javier, Murcia, omgiven [&hellip;]</p>

gömma
