{"id":7861,"date":"2024-09-27T13:24:41","date_gmt":"2024-09-27T13:24:41","guid":{"rendered":"https:\/\/myhomeproperty.es\/property\/parhus-i-los-belones\/"},"modified":"2025-02-13T12:04:05","modified_gmt":"2025-02-13T12:04:05","slug":"parhus-i-los-belones","status":"publish","type":"property","link":"https:\/\/myhomeproperty.es\/sv\/property\/parhus-i-los-belones\/","title":{"rendered":"Parhus i Los Belones"},"content":{"rendered":"\n<p class=\"has-white-background-color has-background\">Vi presenterar detta magnifika komplex best\u00e5ende av 3 radhus och 2 villor med 4 sovrum och 3\/2 badrum med m\u00f6jlighet till 3 st\u00f6rre sovrum, privat pool och solarium med sommark\u00f6k f\u00f6r att njuta av alla soltimmar varje dag p\u00e5 \u00e5ret.<\/p>\n\n<p>Den \u00e4r utformad i modern stil med \u00f6ppen planl\u00f6sning och best\u00e5r av ett fullt utrustat k\u00f6k och ett vardagsrum med matplats.<\/p>\n\n<p>Denna anl\u00e4ggning ligger i Los Belones, (Murcia), n\u00e4ra stranden, omgiven av alla bekv\u00e4mligheter, parker, idrottsanl\u00e4ggningar och flera golfbanor som La Manga Golf Club.<\/p>\n\n<p>Bost\u00e4derna kommer att uppfylla de h\u00f6gsta standarderna och kommer att vara utrustade med:<\/p>\n\n<ul class=\"wp-block-list\">\n<li>Privat pool med dusch.<\/li>\n\n\n\n<li>Fullt utrustade badrum. Badrumsm\u00f6bler, handfat, spegel, regndusch och duschv\u00e4ggar ing\u00e5r. <\/li>\n\n\n\n<li>Fullt utrustat k\u00f6k med v\u00e4gg- och undersk\u00e5p. B\u00e4nkskiva i silestone eller liknande och diskho under b\u00e4nkskivan. Vitvaror ing\u00e5r: kylsk\u00e5p, ugn, inbyggd mikrov\u00e5gsugn, keramikh\u00e4ll, diskmaskin och fl\u00e4ktk\u00e5pa.  <\/li>\n\n\n\n<li>Tappvarmvatten med hj\u00e4lp av en 150-liters v\u00e4ggmonterad v\u00e4rmepump f\u00f6r tappvarmvatten (Aerothermal).<\/li>\n\n\n\n<li>Inbyggda garderober med l\u00e5dhurtsar.<\/li>\n\n\n\n<li>F\u00f6rinstallation av kanaliserad luftkonditionering.<\/li>\n\n\n\n<li>Indirekt ljusdesign i hela huset och utomhusomr\u00e5den. Dekorativa ljuspunkter i matplats och sovrum. <\/li>\n\n\n\n<li>Eluttag och antenn i solarium, f\u00f6rsta v\u00e5ningen, terrass och uteplats.<\/li>\n\n\n\n<li>Sommark\u00f6k i solarium med kylsk\u00e5psuttag, g\u00e5ngj\u00e4rnsd\u00f6rrar och b\u00e4nkskiva i granit.<\/li>\n\n\n\n<li>F\u00f6rinstallation av v\u00e4gguttag f\u00f6r laddning av elfordon.<\/li>\n<\/ul>\n\n<p>  Vi ger dig g\u00e4rna alla detaljer och bokar in ett bes\u00f6k.<\/p>\n\n<p>Avst\u00e5nd:<\/p>\n\n<ul class=\"wp-block-list\">\n<li>Corvera flygplats: 30 minuter<\/li>\n\n\n\n<li>Alicante flygplats 1 timme och 10 minuter<\/li>\n\n\n\n<li>Mar de Cristal-stranden: 3km<\/li>\n\n\n\n<li>Cartagena: 20 minuter<\/li>\n\n\n\n<li>Murcia: 45 minuter<\/li>\n<\/ul>\n\n<p><\/p>\n","protected":false},"excerpt":{"rendered":"<p>Vi presenterar detta magnifika komplex best\u00e5ende av 3 radhus och 2 villor med 4 sovrum och 3\/2 badrum med m\u00f6jlighet till 3 st\u00f6rre sovrum, privat pool och solarium med sommark\u00f6k f\u00f6r att njuta av alla soltimmar varje dag p\u00e5 \u00e5ret. Den \u00e4r utformad i modern stil med \u00f6ppen planl\u00f6sning och best\u00e5r av ett fullt utrustat [&hellip;]<\/p>\n","protected":false},"author":3,"featured_media":5205,"parent":0,"menu_order":0,"template":"","property_type":[124,136],"property_status":[93],"property_feature":[89],"property_label":[],"property_country":[101],"property_state":[91],"property_city":[206,204],"property_area":[205],"class_list":["post-7861","property","type-property","status-publish","has-post-thumbnail","hentry","property_type-hus","property_type-parhus","property_status-till-salu","property_feature-simbassang","property_country-spanien","property_state-regionen-murcia","property_city-campo-de-cartagena-sv","property_city-cartagena-sv","property_area-los-belones-sv"],"property_meta":{"fave_featured":["1"],"houzez_featured_listing_date":["2024-10-18 08:14:03"],"fave_single_top_area":["global"],"_top_nav_excluded":[""],"_cms_nav_minihome":[""],"houzez_geolocation_lat":["37.6229712"],"houzez_geolocation_long":["-0.7780725"],"_thumbnail_id":["5205"],"_last_translation_edit_mode":["translation-editor"],"_wpml_word_count":["{\"total\":275,\"to_translate\":{\"en\":275,\"fr\":275,\"de\":275,\"es\":275}}"],"houzez_total_property_views":["125"],"houzez_views_by_date":["a:61:{s:10:\"06-01-2025\";i:2;s:10:\"06-03-2025\";i:1;s:10:\"06-05-2025\";i:1;s:10:\"06-10-2025\";i:1;s:10:\"06-15-2025\";i:1;s:10:\"06-17-2025\";i:2;s:10:\"06-27-2025\";i:1;s:10:\"07-04-2025\";i:1;s:10:\"07-09-2025\";i:1;s:10:\"07-14-2025\";i:2;s:10:\"07-16-2025\";i:1;s:10:\"07-24-2025\";i:1;s:10:\"07-30-2025\";i:1;s:10:\"08-05-2025\";i:1;s:10:\"08-10-2025\";i:2;s:10:\"08-18-2025\";i:2;s:10:\"08-23-2025\";i:1;s:10:\"08-30-2025\";i:3;s:10:\"09-05-2025\";i:1;s:10:\"09-09-2025\";i:1;s:10:\"09-11-2025\";i:1;s:10:\"09-16-2025\";i:2;s:10:\"09-21-2025\";i:2;s:10:\"09-26-2025\";i:1;s:10:\"10-01-2025\";i:1;s:10:\"10-07-2025\";i:2;s:10:\"10-13-2025\";i:2;s:10:\"10-15-2025\";i:1;s:10:\"10-19-2025\";i:1;s:10:\"11-10-2025\";i:1;s:10:\"12-06-2025\";i:1;s:10:\"12-09-2025\";i:1;s:10:\"12-13-2025\";i:1;s:10:\"12-18-2025\";i:1;s:10:\"12-25-2025\";i:1;s:10:\"12-31-2025\";i:1;s:10:\"01-05-2026\";i:1;s:10:\"01-09-2026\";i:1;s:10:\"01-12-2026\";i:2;s:10:\"01-22-2026\";i:1;s:10:\"01-27-2026\";i:2;s:10:\"02-01-2026\";i:1;s:10:\"02-07-2026\";i:1;s:10:\"02-11-2026\";i:1;s:10:\"02-20-2026\";i:1;s:10:\"03-01-2026\";i:1;s:10:\"03-05-2026\";i:1;s:10:\"03-07-2026\";i:1;s:10:\"03-11-2026\";i:2;s:10:\"03-18-2026\";i:1;s:10:\"03-22-2026\";i:1;s:10:\"03-26-2026\";i:1;s:10:\"03-28-2026\";i:1;s:10:\"04-08-2026\";i:1;s:10:\"04-12-2026\";i:2;s:10:\"04-13-2026\";i:1;s:10:\"04-14-2026\";i:1;s:10:\"04-18-2026\";i:1;s:10:\"04-21-2026\";i:2;s:10:\"04-23-2026\";i:1;s:10:\"04-28-2026\";i:3;}"],"houzez_recently_viewed":["2026-04-28 23:11:18"],"houzez_manual_expire":["0"],"_houzez_expiration_date_status":["saved"],"fave_property_price":["345000"],"fave_property_id":["3021MHB"],"fave_property_map_address":["Los Belones, Rinc\u00f3n de San Gin\u00e9s, Cartagena, Campo de Cartagena y Mar Menor, Regi\u00f3n de Murcia, Spanien"],"fave_property_location":["37.6229712,-0.7780725,12"],"fave_property_map_street_view":["g\u00f6mma"],"fave_property_zip":["30385"],"fave_agent_display_option":["byr\u00e5_info"],"fave_prop_homeslider":["ja"],"fave_private_note":["PACO ALBALADEJO EL BELLON - LOS BELONES"],"_elementor_page_assets":["a:0:{}"]},"_links":{"self":[{"href":"https:\/\/myhomeproperty.es\/sv\/wp-json\/wp\/v2\/properties\/7861","targetHints":{"allow":["GET"]}}],"collection":[{"href":"https:\/\/myhomeproperty.es\/sv\/wp-json\/wp\/v2\/properties"}],"about":[{"href":"https:\/\/myhomeproperty.es\/sv\/wp-json\/wp\/v2\/types\/property"}],"author":[{"embeddable":true,"href":"https:\/\/myhomeproperty.es\/sv\/wp-json\/wp\/v2\/users\/3"}],"version-history":[{"count":2,"href":"https:\/\/myhomeproperty.es\/sv\/wp-json\/wp\/v2\/properties\/7861\/revisions"}],"predecessor-version":[{"id":28267,"href":"https:\/\/myhomeproperty.es\/sv\/wp-json\/wp\/v2\/properties\/7861\/revisions\/28267"}],"wp:featuredmedia":[{"embeddable":true,"href":"https:\/\/myhomeproperty.es\/sv\/wp-json\/wp\/v2\/media\/5205"}],"wp:attachment":[{"href":"https:\/\/myhomeproperty.es\/sv\/wp-json\/wp\/v2\/media?parent=7861"}],"wp:term":[{"taxonomy":"property_type","embeddable":true,"href":"https:\/\/myhomeproperty.es\/sv\/wp-json\/wp\/v2\/property_type?post=7861"},{"taxonomy":"property_status","embeddable":true,"href":"https:\/\/myhomeproperty.es\/sv\/wp-json\/wp\/v2\/property_status?post=7861"},{"taxonomy":"property_feature","embeddable":true,"href":"https:\/\/myhomeproperty.es\/sv\/wp-json\/wp\/v2\/property_feature?post=7861"},{"taxonomy":"property_label","embeddable":true,"href":"https:\/\/myhomeproperty.es\/sv\/wp-json\/wp\/v2\/property_label?post=7861"},{"taxonomy":"property_country","embeddable":true,"href":"https:\/\/myhomeproperty.es\/sv\/wp-json\/wp\/v2\/property_country?post=7861"},{"taxonomy":"property_state","embeddable":true,"href":"https:\/\/myhomeproperty.es\/sv\/wp-json\/wp\/v2\/property_state?post=7861"},{"taxonomy":"property_city","embeddable":true,"href":"https:\/\/myhomeproperty.es\/sv\/wp-json\/wp\/v2\/property_city?post=7861"},{"taxonomy":"property_area","embeddable":true,"href":"https:\/\/myhomeproperty.es\/sv\/wp-json\/wp\/v2\/property_area?post=7861"}],"curies":[{"name":"wp","href":"https:\/\/api.w.org\/{rel}","templated":true}]}}

<p class="has-white-background-color has-background">Vi presenterar detta magnifika komplex bestående av 3 radhus och 2 villor med 4 sovrum och 3/2 badrum med möjlighet till 3 större sovrum, privat pool och solarium med sommarkök för att njuta av alla soltimmar varje dag på året.</p>

<p>Den är utformad i modern stil med öppen planlösning och består av ett fullt utrustat kök och ett vardagsrum med matplats.</p>

<p>Denna anläggning ligger i Los Belones, (Murcia), nära stranden, omgiven av alla bekvämligheter, parker, idrottsanläggningar och flera golfbanor som La Manga Golf Club.</p>

<p>Bostäderna kommer att uppfylla de högsta standarderna och kommer att vara utrustade med:</p>

<ul class="wp-block-list">
<li>Privat pool med dusch.</li>



<li>Fullt utrustade badrum. Badrumsmöbler, handfat, spegel, regndusch och duschväggar ingår. </li>



<li>Fullt utrustat kök med vägg- och underskåp. Bänkskiva i silestone eller liknande och diskho under bänkskivan. Vitvaror ingår: kylskåp, ugn, inbyggd mikrovågsugn, keramikhäll, diskmaskin och fläktkåpa.  </li>



<li>Tappvarmvatten med hjälp av en 150-liters väggmonterad värmepump för tappvarmvatten (Aerothermal).</li>



<li>Inbyggda garderober med lådhurtsar.</li>



<li>Förinstallation av kanaliserad luftkonditionering.</li>



<li>Indirekt ljusdesign i hela huset och utomhusområden. Dekorativa ljuspunkter i matplats och sovrum. </li>



<li>Eluttag och antenn i solarium, första våningen, terrass och uteplats.</li>



<li>Sommarkök i solarium med kylskåpsuttag, gångjärnsdörrar och bänkskiva i granit.</li>



<li>Förinstallation av vägguttag för laddning av elfordon.</li>
</ul>

<p>  Vi ger dig gärna alla detaljer och bokar in ett besök.</p>

<p>Avstånd:</p>

<ul class="wp-block-list">
<li>Corvera flygplats: 30 minuter</li>



<li>Alicante flygplats 1 timme och 10 minuter</li>



<li>Mar de Cristal-stranden: 3km</li>



<li>Cartagena: 20 minuter</li>



<li>Murcia: 45 minuter</li>
</ul>

<p></p>

<p>Vi presenterar detta magnifika komplex bestående av 3 radhus och 2 villor med 4 sovrum och 3/2 badrum med möjlighet till 3 större sovrum, privat pool och solarium med sommarkök för att njuta av alla soltimmar varje dag på året. Den är utformad i modern stil med öppen planlösning och består av ett fullt utrustat [&hellip;]</p>

Los Belones, Rincón de San Ginés, Cartagena, Campo de Cartagena y Mar Menor, Región de Murcia, Spanien

gömma

byrå_info
