{"id":8489,"date":"2024-11-21T10:42:44","date_gmt":"2024-11-21T10:42:44","guid":{"rendered":"https:\/\/myhomeproperty.es\/property\/mysig-lagenhet-i-san-javier\/"},"modified":"2025-01-05T09:50:57","modified_gmt":"2025-01-05T09:50:57","slug":"mysig-lagenhet-i-san-javier","status":"publish","type":"property","link":"https:\/\/myhomeproperty.es\/sv\/property\/mysig-lagenhet-i-san-javier\/","title":{"rendered":"Mysig l\u00e4genhet i San Javier"},"content":{"rendered":"\n<p>Vi presenterar denna charmiga l\u00e4genhet med tv\u00e5 sovrum och tv\u00e5 badrum som ligger i ett lugnt men centralt omr\u00e5de i San Javier.  <\/p>\n\n<p>Det \u00e4r en f\u00f6rsta v\u00e5ning med hiss. Den har ett frist\u00e5ende k\u00f6k, vardagsrum med matsal, tv\u00e5 sovrum med inbyggda garderober, tv\u00e5 kompletta badrum, terrass i sydostl\u00e4ge, f\u00f6rr\u00e5d och garage. Den \u00e4r i perfekt skick, redo att flytta in eftersom de nuvarande \u00e4garna har renoverat den mycket. N\u00e4ra till alla bekv\u00e4mligheter, stormarknader, aff\u00e4rer, skolor, parker och h\u00e4lsocenter. Stranden ligger bara 2,5 km bort.    <\/p>\n\n<p>Den levereras halvm\u00f6blerad.<\/p>\n\n<p>  Vill du boka en tid f\u00f6r att bes\u00f6ka denna fastighet? Tveka inte att kontakta oss. Vi hj\u00e4lper dig g\u00e4rna.  <\/p>\n","protected":false},"excerpt":{"rendered":"<p>Vi presenterar denna charmiga l\u00e4genhet med tv\u00e5 sovrum och tv\u00e5 badrum som ligger i ett lugnt men centralt omr\u00e5de i San Javier. Det \u00e4r en f\u00f6rsta v\u00e5ning med hiss. Den har ett frist\u00e5ende k\u00f6k, vardagsrum med matsal, tv\u00e5 sovrum med inbyggda garderober, tv\u00e5 kompletta badrum, terrass i sydostl\u00e4ge, f\u00f6rr\u00e5d och garage. Den \u00e4r i perfekt [&hellip;]<\/p>\n","protected":false},"author":3,"featured_media":8366,"parent":0,"menu_order":0,"template":"","property_type":[178],"property_status":[93],"property_feature":[],"property_label":[],"property_country":[101],"property_state":[91],"property_city":[104],"property_area":[],"class_list":["post-8489","property","type-property","status-publish","has-post-thumbnail","hentry","property_type-golv","property_status-till-salu","property_country-spanien","property_state-regionen-murcia","property_city-san-javier-sv"],"property_meta":{"fave_featured":["0"],"houzez_featured_listing_date":[""],"fave_property_images":["8302","8307","8312","8317","8322","8327","8337","8377","8382","8387","8392","8397","8402","8407","8412","8417","8422","8427","8432","8437","8442","8447","8467"],"fave_single_top_area":["global"],"_top_nav_excluded":[""],"_cms_nav_minihome":[""],"houzez_geolocation_lat":["37.79952995"],"houzez_geolocation_long":["-0.8301831"],"_last_translation_edit_mode":["translation-editor"],"houzez_manual_expire":["0"],"_houzez_expiration_date_status":["saved"],"_thumbnail_id":["8366"],"fave_property_price":["97900"],"fave_property_bedrooms":["2"],"fave_property_bathrooms":["2"],"fave_property_id":["3129MH"],"fave_property_map_address":["Calle Marte, San Javier, Campo de Cartagena y Mar Menor, regionen Murcia, 30720, Spanien"],"fave_property_location":["37.79952995,-0.8301831,15"],"fave_property_map_street_view":["g\u00f6mma"],"fave_video_url":["https:\/\/youtu.be\/Es-5Xc-_WV8"],"fave_agent_display_option":["f\u00f6rfattare_info"],"fave_prop_homeslider":["ja"],"houzez_total_property_views":["113"],"houzez_views_by_date":["a:61:{s:10:\"05-20-2025\";i:2;s:10:\"05-27-2025\";i:2;s:10:\"05-30-2025\";i:1;s:10:\"06-05-2025\";i:1;s:10:\"06-12-2025\";i:1;s:10:\"06-13-2025\";i:1;s:10:\"06-25-2025\";i:2;s:10:\"07-03-2025\";i:1;s:10:\"07-12-2025\";i:1;s:10:\"07-14-2025\";i:2;s:10:\"07-20-2025\";i:2;s:10:\"07-21-2025\";i:1;s:10:\"07-28-2025\";i:2;s:10:\"08-03-2025\";i:1;s:10:\"08-21-2025\";i:1;s:10:\"08-23-2025\";i:2;s:10:\"08-30-2025\";i:6;s:10:\"09-06-2025\";i:1;s:10:\"09-11-2025\";i:1;s:10:\"09-17-2025\";i:1;s:10:\"09-20-2025\";i:2;s:10:\"09-22-2025\";i:1;s:10:\"09-27-2025\";i:1;s:10:\"09-28-2025\";i:1;s:10:\"10-03-2025\";i:1;s:10:\"10-09-2025\";i:1;s:10:\"10-15-2025\";i:1;s:10:\"10-18-2025\";i:1;s:10:\"10-22-2025\";i:1;s:10:\"11-20-2025\";i:1;s:10:\"11-28-2025\";i:1;s:10:\"12-08-2025\";i:1;s:10:\"12-14-2025\";i:1;s:10:\"12-19-2025\";i:1;s:10:\"12-21-2025\";i:1;s:10:\"12-28-2025\";i:1;s:10:\"01-03-2026\";i:1;s:10:\"01-10-2026\";i:1;s:10:\"01-12-2026\";i:2;s:10:\"01-17-2026\";i:1;s:10:\"01-30-2026\";i:1;s:10:\"02-05-2026\";i:1;s:10:\"02-11-2026\";i:1;s:10:\"02-14-2026\";i:1;s:10:\"02-17-2026\";i:1;s:10:\"02-19-2026\";i:1;s:10:\"03-02-2026\";i:1;s:10:\"03-08-2026\";i:1;s:10:\"03-11-2026\";i:2;s:10:\"03-17-2026\";i:1;s:10:\"03-21-2026\";i:1;s:10:\"03-22-2026\";i:1;s:10:\"03-28-2026\";i:2;s:10:\"04-03-2026\";i:1;s:10:\"04-05-2026\";i:1;s:10:\"04-10-2026\";i:2;s:10:\"04-15-2026\";i:1;s:10:\"04-18-2026\";i:1;s:10:\"04-20-2026\";i:1;s:10:\"04-25-2026\";i:1;s:10:\"04-28-2026\";i:1;}"],"houzez_recently_viewed":["2026-04-28 20:07:30"],"_elementor_page_assets":["a:0:{}"]},"_links":{"self":[{"href":"https:\/\/myhomeproperty.es\/sv\/wp-json\/wp\/v2\/properties\/8489","targetHints":{"allow":["GET"]}}],"collection":[{"href":"https:\/\/myhomeproperty.es\/sv\/wp-json\/wp\/v2\/properties"}],"about":[{"href":"https:\/\/myhomeproperty.es\/sv\/wp-json\/wp\/v2\/types\/property"}],"author":[{"embeddable":true,"href":"https:\/\/myhomeproperty.es\/sv\/wp-json\/wp\/v2\/users\/3"}],"version-history":[{"count":3,"href":"https:\/\/myhomeproperty.es\/sv\/wp-json\/wp\/v2\/properties\/8489\/revisions"}],"predecessor-version":[{"id":8501,"href":"https:\/\/myhomeproperty.es\/sv\/wp-json\/wp\/v2\/properties\/8489\/revisions\/8501"}],"wp:featuredmedia":[{"embeddable":true,"href":"https:\/\/myhomeproperty.es\/sv\/wp-json\/wp\/v2\/media\/8366"}],"wp:attachment":[{"href":"https:\/\/myhomeproperty.es\/sv\/wp-json\/wp\/v2\/media?parent=8489"}],"wp:term":[{"taxonomy":"property_type","embeddable":true,"href":"https:\/\/myhomeproperty.es\/sv\/wp-json\/wp\/v2\/property_type?post=8489"},{"taxonomy":"property_status","embeddable":true,"href":"https:\/\/myhomeproperty.es\/sv\/wp-json\/wp\/v2\/property_status?post=8489"},{"taxonomy":"property_feature","embeddable":true,"href":"https:\/\/myhomeproperty.es\/sv\/wp-json\/wp\/v2\/property_feature?post=8489"},{"taxonomy":"property_label","embeddable":true,"href":"https:\/\/myhomeproperty.es\/sv\/wp-json\/wp\/v2\/property_label?post=8489"},{"taxonomy":"property_country","embeddable":true,"href":"https:\/\/myhomeproperty.es\/sv\/wp-json\/wp\/v2\/property_country?post=8489"},{"taxonomy":"property_state","embeddable":true,"href":"https:\/\/myhomeproperty.es\/sv\/wp-json\/wp\/v2\/property_state?post=8489"},{"taxonomy":"property_city","embeddable":true,"href":"https:\/\/myhomeproperty.es\/sv\/wp-json\/wp\/v2\/property_city?post=8489"},{"taxonomy":"property_area","embeddable":true,"href":"https:\/\/myhomeproperty.es\/sv\/wp-json\/wp\/v2\/property_area?post=8489"}],"curies":[{"name":"wp","href":"https:\/\/api.w.org\/{rel}","templated":true}]}}

Mysig lägenhet i San Javier

<p>Vi presenterar denna charmiga lägenhet med två sovrum och två badrum som ligger i ett lugnt men centralt område i San Javier.  </p>

<p>Det är en första våning med hiss. Den har ett fristående kök, vardagsrum med matsal, två sovrum med inbyggda garderober, två kompletta badrum, terrass i sydostläge, förråd och garage. Den är i perfekt skick, redo att flytta in eftersom de nuvarande ägarna har renoverat den mycket. Nära till alla bekvämligheter, stormarknader, affärer, skolor, parker och hälsocenter. Stranden ligger bara 2,5 km bort.    </p>

<p>Den levereras halvmöblerad.</p>

<p>  Vill du boka en tid för att besöka denna fastighet? Tveka inte att kontakta oss. Vi hjälper dig gärna.  </p>

<p>Vi presenterar denna charmiga lägenhet med två sovrum och två badrum som ligger i ett lugnt men centralt område i San Javier. Det är en första våning med hiss. Den har ett fristående kök, vardagsrum med matsal, två sovrum med inbyggda garderober, två kompletta badrum, terrass i sydostläge, förråd och garage. Den är i perfekt [&hellip;]</p>

gömma

författare_info
