{"id":8682,"date":"2024-12-05T09:51:49","date_gmt":"2024-12-05T09:51:49","guid":{"rendered":"https:\/\/myhomeproperty.es\/property\/lyxiga-villor-i-san-pedro-del-pinatar\/"},"modified":"2024-12-05T09:52:09","modified_gmt":"2024-12-05T09:52:09","slug":"lyxiga-villor-i-san-pedro-del-pinatar","status":"publish","type":"property","link":"https:\/\/myhomeproperty.es\/sv\/property\/lyxiga-villor-i-san-pedro-del-pinatar\/","title":{"rendered":"Lyxiga villor i San Pedro del Pinatar"},"content":{"rendered":"\n<p>Vi presenterar detta lyxiga komplex med 3 villor med privat pool, tr\u00e4dg\u00e5rdsomr\u00e5de och solarium med vacker utsikt som g\u00f6r att du kan njuta av alla soltimmar, varje dag p\u00e5 \u00e5ret.<\/p>\n\n<p>Varje villa har 3 sovrum och 3 kompletta badrum. Utformad i tre plan med modern stil och \u00f6ppen planl\u00f6sning, best\u00e5ende av ett fullt utrustat k\u00f6k och ett vardagsrum med matsal. <\/p>\n\n<p>Anl\u00e4ggningen ligger i San Pedro del Pinatar (Murcia), 1,5 km fr\u00e5n stranden, omgiven av tj\u00e4nster, parker, idrottsanl\u00e4ggningar och flera golfbanor.<\/p>\n\n<div class=\"wp-block-cover\"><span aria-hidden=\"true\" class=\"wp-block-cover__background has-background-dim\"><\/span><div class=\"wp-block-cover__inner-container is-layout-flow wp-block-cover-is-layout-flow\">\n<div class=\"wp-block-group\"><div class=\"wp-block-group__inner-container is-layout-constrained wp-block-group-is-layout-constrained\">\n<p>Fastigheten kommer att uppfylla de h\u00f6gsta standarderna och kommer att vara utrustad med:<\/p>\n\n\n\n<ul class=\"wp-block-list\">\n<li>Privat pool med inv\u00e4ndig belysning och dusch.<\/li>\n\n\n\n<li>Fullt utrustat k\u00f6k med ugn, mikrov\u00e5gsugn, kylsk\u00e5p, diskmaskin, keramikh\u00e4ll och fl\u00e4ktk\u00e5pa.<\/li>\n\n\n\n<li>Belysning: LED inne i huset (matsal, k\u00f6k, korridorer och badrum) och i utomhusomr\u00e5den.<\/li>\n\n\n\n<li>Inbyggda garderober med l\u00e5dhurtsar och hyllor.<\/li>\n\n\n\n<li>Fullt utrustade badrum med kommod med handfat, spegel och inbyggd LED-belysning.<\/li>\n\n\n\n<li>F\u00f6rinstallation av kanaliserad luftkonditionering.<\/li>\n\n\n\n<li>Solarium.<\/li>\n\n\n\n<li>Parkeringsplats p\u00e5 tomten.<\/li>\n<\/ul>\n<\/div><\/div>\n<\/div><\/div>\n\n<p>Intressanta platser:  <\/p>\n\n<div class=\"wp-block-group is-nowrap is-layout-flex wp-container-core-group-is-layout-ad2f72ca wp-block-group-is-layout-flex\">\n<div class=\"wp-block-group is-vertical is-layout-flex wp-container-core-group-is-layout-8cf370e7 wp-block-group-is-layout-flex\">\n<ul class=\"wp-block-list\">\n<li>Strand: 1 km<\/li>\n\n\n\n<li>Alicante flygplats: 1 timme<\/li>\n\n\n\n<li>Corvera flygplats: 35 minuter  <\/li>\n\n\n\n<li>DOS MARES k\u00f6pcentrum: 5 minuter<\/li>\n\n\n\n<li>K\u00f6pcentrum LA ZENIA BOULEVARD: 20 minuter  <\/li>\n<\/ul>\n<\/div>\n<\/div>\n\n<p><\/p>\n\n<p><\/p>\n","protected":false},"excerpt":{"rendered":"<p>Vi presenterar detta lyxiga komplex med 3 villor med privat pool, tr\u00e4dg\u00e5rdsomr\u00e5de och solarium med vacker utsikt som g\u00f6r att du kan njuta av alla soltimmar, varje dag p\u00e5 \u00e5ret. Varje villa har 3 sovrum och 3 kompletta badrum. Utformad i tre plan med modern stil och \u00f6ppen planl\u00f6sning, best\u00e5ende av ett fullt utrustat k\u00f6k [&hellip;]<\/p>\n","protected":false},"author":3,"featured_media":8614,"parent":0,"menu_order":0,"template":"","property_type":[195],"property_status":[93],"property_feature":[89,219],"property_label":[],"property_country":[101],"property_state":[91],"property_city":[87],"property_area":[239],"class_list":["post-8682","property","type-property","status-publish","has-post-thumbnail","hentry","property_type-villa-sv","property_status-till-salu","property_feature-simbassang","property_feature-tradgard","property_country-spanien","property_state-regionen-murcia","property_city-san-pedro-del-pinatar-sv","property_area-lo-pagan-sv"],"property_meta":{"fave_featured":["1"],"houzez_featured_listing_date":["2024-12-05 09:52:09"],"fave_property_images":["8580","8585","8600","8605","8595","8590","8610","8615","8625","8620","8630","8635","8640","8650","8665","8660","8645","8670","8655","8560","8565","8570","8575"],"fave_single_top_area":["global"],"_top_nav_excluded":[""],"_cms_nav_minihome":[""],"fave_property_price":["469900"],"fave_property_size":["174"],"fave_property_land":["200"],"fave_property_bedrooms":["3"],"fave_property_bathrooms":["3"],"fave_property_id":["3130MHC"],"fave_property_map":["1"],"fave_property_map_address":["Avenida de Emilio Castelar, San Pedro del Pinatar, Campo de Cartagena y Mar Menor, Regi\u00f3n de Murcia, 30740, Spanien"],"fave_property_location":["37.831594541641,-0.78909759022318,15"],"houzez_geolocation_lat":["37.831594541641"],"houzez_geolocation_long":["-0.78909759022318"],"fave_property_map_street_view":["g\u00f6mma"],"fave_property_zip":["30740"],"fave_agent_display_option":["f\u00f6rfattare_info"],"fave_prop_homeslider":["ja"],"fave_private_note":["Residencial Capricho III - 3 villor i San Pedro del Piantar - Paco Albaladejo  "],"_thumbnail_id":["8614"],"_last_translation_edit_mode":["translation-editor"],"houzez_total_property_views":["104"],"houzez_views_by_date":["a:61:{s:10:\"06-01-2025\";i:1;s:10:\"06-03-2025\";i:1;s:10:\"06-10-2025\";i:1;s:10:\"06-29-2025\";i:1;s:10:\"06-30-2025\";i:1;s:10:\"07-10-2025\";i:1;s:10:\"07-14-2025\";i:2;s:10:\"07-17-2025\";i:1;s:10:\"07-24-2025\";i:1;s:10:\"07-26-2025\";i:1;s:10:\"08-01-2025\";i:1;s:10:\"08-13-2025\";i:2;s:10:\"08-21-2025\";i:1;s:10:\"08-27-2025\";i:1;s:10:\"08-30-2025\";i:2;s:10:\"09-04-2025\";i:1;s:10:\"09-09-2025\";i:1;s:10:\"09-10-2025\";i:1;s:10:\"09-15-2025\";i:1;s:10:\"09-16-2025\";i:1;s:10:\"09-20-2025\";i:1;s:10:\"09-26-2025\";i:1;s:10:\"10-02-2025\";i:1;s:10:\"10-06-2025\";i:1;s:10:\"10-07-2025\";i:1;s:10:\"10-14-2025\";i:1;s:10:\"10-20-2025\";i:1;s:10:\"10-26-2025\";i:1;s:10:\"11-15-2025\";i:2;s:10:\"11-19-2025\";i:1;s:10:\"11-24-2025\";i:1;s:10:\"11-25-2025\";i:1;s:10:\"12-07-2025\";i:1;s:10:\"12-20-2025\";i:1;s:10:\"12-30-2025\";i:1;s:10:\"01-05-2026\";i:1;s:10:\"01-11-2026\";i:1;s:10:\"01-12-2026\";i:3;s:10:\"01-21-2026\";i:1;s:10:\"01-31-2026\";i:2;s:10:\"02-05-2026\";i:1;s:10:\"02-13-2026\";i:2;s:10:\"02-18-2026\";i:1;s:10:\"02-23-2026\";i:1;s:10:\"02-25-2026\";i:1;s:10:\"03-01-2026\";i:1;s:10:\"03-08-2026\";i:1;s:10:\"03-11-2026\";i:2;s:10:\"03-14-2026\";i:1;s:10:\"03-15-2026\";i:2;s:10:\"03-20-2026\";i:1;s:10:\"03-25-2026\";i:1;s:10:\"03-30-2026\";i:1;s:10:\"04-01-2026\";i:2;s:10:\"04-05-2026\";i:1;s:10:\"04-11-2026\";i:1;s:10:\"04-12-2026\";i:1;s:10:\"04-16-2026\";i:1;s:10:\"04-21-2026\";i:2;s:10:\"04-26-2026\";i:1;s:10:\"04-28-2026\";i:2;}"],"houzez_recently_viewed":["2026-04-28 21:16:32"],"_elementor_page_assets":["a:0:{}"]},"_links":{"self":[{"href":"https:\/\/myhomeproperty.es\/sv\/wp-json\/wp\/v2\/properties\/8682","targetHints":{"allow":["GET"]}}],"collection":[{"href":"https:\/\/myhomeproperty.es\/sv\/wp-json\/wp\/v2\/properties"}],"about":[{"href":"https:\/\/myhomeproperty.es\/sv\/wp-json\/wp\/v2\/types\/property"}],"author":[{"embeddable":true,"href":"https:\/\/myhomeproperty.es\/sv\/wp-json\/wp\/v2\/users\/3"}],"version-history":[{"count":1,"href":"https:\/\/myhomeproperty.es\/sv\/wp-json\/wp\/v2\/properties\/8682\/revisions"}],"predecessor-version":[{"id":8683,"href":"https:\/\/myhomeproperty.es\/sv\/wp-json\/wp\/v2\/properties\/8682\/revisions\/8683"}],"wp:featuredmedia":[{"embeddable":true,"href":"https:\/\/myhomeproperty.es\/sv\/wp-json\/wp\/v2\/media\/8614"}],"wp:attachment":[{"href":"https:\/\/myhomeproperty.es\/sv\/wp-json\/wp\/v2\/media?parent=8682"}],"wp:term":[{"taxonomy":"property_type","embeddable":true,"href":"https:\/\/myhomeproperty.es\/sv\/wp-json\/wp\/v2\/property_type?post=8682"},{"taxonomy":"property_status","embeddable":true,"href":"https:\/\/myhomeproperty.es\/sv\/wp-json\/wp\/v2\/property_status?post=8682"},{"taxonomy":"property_feature","embeddable":true,"href":"https:\/\/myhomeproperty.es\/sv\/wp-json\/wp\/v2\/property_feature?post=8682"},{"taxonomy":"property_label","embeddable":true,"href":"https:\/\/myhomeproperty.es\/sv\/wp-json\/wp\/v2\/property_label?post=8682"},{"taxonomy":"property_country","embeddable":true,"href":"https:\/\/myhomeproperty.es\/sv\/wp-json\/wp\/v2\/property_country?post=8682"},{"taxonomy":"property_state","embeddable":true,"href":"https:\/\/myhomeproperty.es\/sv\/wp-json\/wp\/v2\/property_state?post=8682"},{"taxonomy":"property_city","embeddable":true,"href":"https:\/\/myhomeproperty.es\/sv\/wp-json\/wp\/v2\/property_city?post=8682"},{"taxonomy":"property_area","embeddable":true,"href":"https:\/\/myhomeproperty.es\/sv\/wp-json\/wp\/v2\/property_area?post=8682"}],"curies":[{"name":"wp","href":"https:\/\/api.w.org\/{rel}","templated":true}]}}

<p>Vi presenterar detta lyxiga komplex med 3 villor med privat pool, trädgårdsområde och solarium med vacker utsikt som gör att du kan njuta av alla soltimmar, varje dag på året.</p>

<p>Varje villa har 3 sovrum och 3 kompletta badrum. Utformad i tre plan med modern stil och öppen planlösning, bestående av ett fullt utrustat kök och ett vardagsrum med matsal. </p>

<p>Anläggningen ligger i San Pedro del Pinatar (Murcia), 1,5 km från stranden, omgiven av tjänster, parker, idrottsanläggningar och flera golfbanor.</p>

<div class="wp-block-cover"><span aria-hidden="true" class="wp-block-cover__background has-background-dim"></span><div class="wp-block-cover__inner-container is-layout-flow wp-block-cover-is-layout-flow">
<div class="wp-block-group"><div class="wp-block-group__inner-container is-layout-constrained wp-block-group-is-layout-constrained">
<p>Fastigheten kommer att uppfylla de högsta standarderna och kommer att vara utrustad med:</p>



<ul class="wp-block-list">
<li>Privat pool med invändig belysning och dusch.</li>



<li>Fullt utrustat kök med ugn, mikrovågsugn, kylskåp, diskmaskin, keramikhäll och fläktkåpa.</li>



<li>Belysning: LED inne i huset (matsal, kök, korridorer och badrum) och i utomhusområden.</li>



<li>Inbyggda garderober med lådhurtsar och hyllor.</li>



<li>Fullt utrustade badrum med kommod med handfat, spegel och inbyggd LED-belysning.</li>



<li>Förinstallation av kanaliserad luftkonditionering.</li>



<li>Solarium.</li>



<li>Parkeringsplats på tomten.</li>
</ul>
</div></div>
</div></div>

<p>Intressanta platser:  </p>

<div class="wp-block-group is-nowrap is-layout-flex wp-container-core-group-is-layout-ad2f72ca wp-block-group-is-layout-flex">
<div class="wp-block-group is-vertical is-layout-flex wp-container-core-group-is-layout-8cf370e7 wp-block-group-is-layout-flex">
<ul class="wp-block-list">
<li>Strand: 1 km</li>



<li>Alicante flygplats: 1 timme</li>



<li>Corvera flygplats: 35 minuter  </li>



<li>DOS MARES köpcentrum: 5 minuter</li>



<li>Köpcentrum LA ZENIA BOULEVARD: 20 minuter  </li>
</ul>
</div>
</div>

<p></p>

<p></p>

<p>Vi presenterar detta lyxiga komplex med 3 villor med privat pool, trädgårdsområde och solarium med vacker utsikt som gör att du kan njuta av alla soltimmar, varje dag på året. Varje villa har 3 sovrum och 3 kompletta badrum. Utformad i tre plan med modern stil och öppen planlösning, bestående av ett fullt utrustat kök [&hellip;]</p>

Avenida de Emilio Castelar, San Pedro del Pinatar, Campo de Cartagena y Mar Menor, Región de Murcia, 30740, Spanien

gömma

författare_info
