{"id":8862,"date":"2024-12-20T20:03:23","date_gmt":"2024-12-20T20:03:23","guid":{"rendered":"https:\/\/myhomeproperty.es\/property\/lagenhet-med-3-sovrum-i-san-javier\/"},"modified":"2025-01-21T12:10:55","modified_gmt":"2025-01-21T12:10:55","slug":"lagenhet-med-3-sovrum-i-san-javier","status":"publish","type":"property","link":"https:\/\/myhomeproperty.es\/sv\/property\/lagenhet-med-3-sovrum-i-san-javier\/","title":{"rendered":"L\u00e4genhet med 3 sovrum i San Javier"},"content":{"rendered":"\n<p>Vi har en rymlig och ljus h\u00f6rnl\u00e4genhet i San Javier. Bel\u00e4get n\u00e4ra alla bekv\u00e4mligheter. Det \u00e4r en l\u00e4genhet p\u00e5 f\u00f6rsta v\u00e5ningen UTAN LIFT.  <\/p>\n\n<p><br\/>Den \u00e4r f\u00f6rdelad i ett vardagsrum med matsal med tillg\u00e5ng till en balkong, k\u00f6k med tillg\u00e5ng till en tv\u00e4ttstuga, 3 sovrum i bra storlek, ett komplett badrum och en toalett. Alla rum har inbyggda garderober.<\/p>\n\n<p>F\u00f6r ytterligare information, tveka inte att kontakta oss.<\/p>\n","protected":false},"excerpt":{"rendered":"<p>Vi har en rymlig och ljus h\u00f6rnl\u00e4genhet i San Javier. Bel\u00e4get n\u00e4ra alla bekv\u00e4mligheter. Det \u00e4r en l\u00e4genhet p\u00e5 f\u00f6rsta v\u00e5ningen UTAN LIFT. Den \u00e4r f\u00f6rdelad i ett vardagsrum med matsal med tillg\u00e5ng till en balkong, k\u00f6k med tillg\u00e5ng till en tv\u00e4ttstuga, 3 sovrum i bra storlek, ett komplett badrum och en toalett. Alla rum [&hellip;]<\/p>\n","protected":false},"author":3,"featured_media":8804,"parent":0,"menu_order":0,"template":"","property_type":[178],"property_status":[93],"property_feature":[],"property_label":[],"property_country":[101],"property_state":[91],"property_city":[104],"property_area":[],"class_list":["post-8862","property","type-property","status-publish","has-post-thumbnail","hentry","property_type-golv","property_status-till-salu","property_country-spanien","property_state-regionen-murcia","property_city-san-javier-sv"],"property_meta":{"fave_featured":["0"],"houzez_featured_listing_date":[""],"fave_property_images":["8840","8800","8810","8815","8820","8825","8755","8745","8850","8765","8770","8780","8775","8760","8785","8790","8795","8805","8830"],"fave_single_top_area":["global"],"_top_nav_excluded":[""],"_cms_nav_minihome":[""],"houzez_geolocation_lat":["37.8058268"],"houzez_geolocation_long":["-0.83204625"],"_thumbnail_id":["8804"],"_last_translation_edit_mode":["translation-editor"],"houzez_total_property_views":["100"],"houzez_views_by_date":["a:61:{s:10:\"06-24-2025\";i:2;s:10:\"06-26-2025\";i:1;s:10:\"06-27-2025\";i:1;s:10:\"07-08-2025\";i:1;s:10:\"07-09-2025\";i:1;s:10:\"07-10-2025\";i:1;s:10:\"07-14-2025\";i:1;s:10:\"07-16-2025\";i:1;s:10:\"07-24-2025\";i:1;s:10:\"07-27-2025\";i:1;s:10:\"07-31-2025\";i:1;s:10:\"08-16-2025\";i:1;s:10:\"08-20-2025\";i:1;s:10:\"08-26-2025\";i:1;s:10:\"08-30-2025\";i:2;s:10:\"09-04-2025\";i:1;s:10:\"09-09-2025\";i:1;s:10:\"09-14-2025\";i:1;s:10:\"09-19-2025\";i:1;s:10:\"09-24-2025\";i:1;s:10:\"09-30-2025\";i:2;s:10:\"10-05-2025\";i:1;s:10:\"10-12-2025\";i:1;s:10:\"10-18-2025\";i:1;s:10:\"10-20-2025\";i:2;s:10:\"11-05-2025\";i:2;s:10:\"11-14-2025\";i:1;s:10:\"11-20-2025\";i:1;s:10:\"11-28-2025\";i:1;s:10:\"12-06-2025\";i:1;s:10:\"12-13-2025\";i:1;s:10:\"12-17-2025\";i:1;s:10:\"12-18-2025\";i:2;s:10:\"01-02-2026\";i:1;s:10:\"01-08-2026\";i:2;s:10:\"01-12-2026\";i:2;s:10:\"01-13-2026\";i:1;s:10:\"01-14-2026\";i:1;s:10:\"01-25-2026\";i:1;s:10:\"01-31-2026\";i:2;s:10:\"02-05-2026\";i:1;s:10:\"02-11-2026\";i:1;s:10:\"02-19-2026\";i:1;s:10:\"02-24-2026\";i:1;s:10:\"02-26-2026\";i:1;s:10:\"03-07-2026\";i:1;s:10:\"03-08-2026\";i:2;s:10:\"03-11-2026\";i:2;s:10:\"03-15-2026\";i:1;s:10:\"03-17-2026\";i:1;s:10:\"03-21-2026\";i:1;s:10:\"03-26-2026\";i:1;s:10:\"03-31-2026\";i:1;s:10:\"04-07-2026\";i:1;s:10:\"04-10-2026\";i:1;s:10:\"04-12-2026\";i:1;s:10:\"04-17-2026\";i:1;s:10:\"04-22-2026\";i:2;s:10:\"04-25-2026\";i:1;s:10:\"04-27-2026\";i:1;s:10:\"04-28-2026\";i:2;}"],"houzez_recently_viewed":["2026-04-28 21:12:57"],"fave_property_price":["75900"],"fave_property_bedrooms":["3"],"fave_property_bathrooms":["2"],"fave_property_id":["3132MH"],"fave_property_map":["1"],"fave_property_map_address":["Calle Congreso, San Javier, Campo de Cartagena y Mar Menor, regionen Murcia, 30720, Spanien"],"fave_property_location":["37.8058268,-0.83204625,15"],"fave_property_map_street_view":["g\u00f6mma"],"fave_property_zip":["30730"],"fave_video_url":["https:\/\/youtu.be\/AuaiMNJuGGg?si=158GEYCYmgRMI5gM"],"fave_agent_display_option":["f\u00f6rfattare_info"],"fave_prop_homeslider":["nej"],"houzez_manual_expire":["0"],"_houzez_expiration_date_status":["saved"],"_elementor_page_assets":["a:0:{}"]},"_links":{"self":[{"href":"https:\/\/myhomeproperty.es\/sv\/wp-json\/wp\/v2\/properties\/8862","targetHints":{"allow":["GET"]}}],"collection":[{"href":"https:\/\/myhomeproperty.es\/sv\/wp-json\/wp\/v2\/properties"}],"about":[{"href":"https:\/\/myhomeproperty.es\/sv\/wp-json\/wp\/v2\/types\/property"}],"author":[{"embeddable":true,"href":"https:\/\/myhomeproperty.es\/sv\/wp-json\/wp\/v2\/users\/3"}],"version-history":[{"count":1,"href":"https:\/\/myhomeproperty.es\/sv\/wp-json\/wp\/v2\/properties\/8862\/revisions"}],"predecessor-version":[{"id":8863,"href":"https:\/\/myhomeproperty.es\/sv\/wp-json\/wp\/v2\/properties\/8862\/revisions\/8863"}],"wp:featuredmedia":[{"embeddable":true,"href":"https:\/\/myhomeproperty.es\/sv\/wp-json\/wp\/v2\/media\/8804"}],"wp:attachment":[{"href":"https:\/\/myhomeproperty.es\/sv\/wp-json\/wp\/v2\/media?parent=8862"}],"wp:term":[{"taxonomy":"property_type","embeddable":true,"href":"https:\/\/myhomeproperty.es\/sv\/wp-json\/wp\/v2\/property_type?post=8862"},{"taxonomy":"property_status","embeddable":true,"href":"https:\/\/myhomeproperty.es\/sv\/wp-json\/wp\/v2\/property_status?post=8862"},{"taxonomy":"property_feature","embeddable":true,"href":"https:\/\/myhomeproperty.es\/sv\/wp-json\/wp\/v2\/property_feature?post=8862"},{"taxonomy":"property_label","embeddable":true,"href":"https:\/\/myhomeproperty.es\/sv\/wp-json\/wp\/v2\/property_label?post=8862"},{"taxonomy":"property_country","embeddable":true,"href":"https:\/\/myhomeproperty.es\/sv\/wp-json\/wp\/v2\/property_country?post=8862"},{"taxonomy":"property_state","embeddable":true,"href":"https:\/\/myhomeproperty.es\/sv\/wp-json\/wp\/v2\/property_state?post=8862"},{"taxonomy":"property_city","embeddable":true,"href":"https:\/\/myhomeproperty.es\/sv\/wp-json\/wp\/v2\/property_city?post=8862"},{"taxonomy":"property_area","embeddable":true,"href":"https:\/\/myhomeproperty.es\/sv\/wp-json\/wp\/v2\/property_area?post=8862"}],"curies":[{"name":"wp","href":"https:\/\/api.w.org\/{rel}","templated":true}]}}

Lägenhet med 3 sovrum i San Javier

<p>Vi har en rymlig och ljus hörnlägenhet i San Javier. Beläget nära alla bekvämligheter. Det är en lägenhet på första våningen UTAN LIFT.  </p>

<p><br/>Den är fördelad i ett vardagsrum med matsal med tillgång till en balkong, kök med tillgång till en tvättstuga, 3 sovrum i bra storlek, ett komplett badrum och en toalett. Alla rum har inbyggda garderober.</p>

<p>För ytterligare information, tveka inte att kontakta oss.</p>

<p>Vi har en rymlig och ljus hörnlägenhet i San Javier. Beläget nära alla bekvämligheter. Det är en lägenhet på första våningen UTAN LIFT. Den är fördelad i ett vardagsrum med matsal med tillgång till en balkong, kök med tillgång till en tvättstuga, 3 sovrum i bra storlek, ett komplett badrum och en toalett. Alla rum [&hellip;]</p>

gömma

författare_info
